Last updated on 2025-05-03 12:54:46 CEST.
Flavor | Version | Tinstall | Tcheck | Ttotal | Status | Flags |
---|---|---|---|---|---|---|
r-devel-linux-x86_64-debian-clang | 2.11.2 | 37.36 | 331.28 | 368.64 | NOTE | |
r-devel-linux-x86_64-debian-gcc | 2.11.2 | 24.57 | 228.03 | 252.60 | NOTE | |
r-devel-linux-x86_64-fedora-clang | 2.11.2 | 622.11 | OK | |||
r-devel-linux-x86_64-fedora-gcc | 2.11.2 | 586.16 | OK | |||
r-devel-windows-x86_64 | 2.11.2 | 34.00 | 262.00 | 296.00 | NOTE | |
r-patched-linux-x86_64 | 2.11.2 | 40.08 | 316.00 | 356.08 | NOTE | |
r-release-linux-x86_64 | NOTE | |||||
r-release-macos-arm64 | 2.11.2 | 136.00 | OK | |||
r-release-macos-x86_64 | 2.11.2 | 270.00 | OK | |||
r-release-windows-x86_64 | 2.11.2 | 37.00 | 246.00 | 283.00 | ERROR | |
r-oldrel-macos-arm64 | 2.11.2 | 132.00 | OK | |||
r-oldrel-macos-x86_64 | 2.11.2 | 251.00 | OK | |||
r-oldrel-windows-x86_64 | 2.11.2 | 47.00 | 339.00 | 386.00 | ERROR |
Version: 2.11.2
Check: Rd cross-references
Result: NOTE
Found the following Rd file(s) with Rd \link{} targets missing package
anchors:
mapView.Rd: levelplot, addControl, addLegend, addRasterImage,
addCircles, addPolygons, addPolylines, addMapPane,
highlightOptions, st_sf, brick, satellite, st_sfc, st_bbox,
SpatialPixelsDataFrame, SpatialGridDataFrame,
SpatialPointsDataFrame, SpatialPoints, SpatialPolygonsDataFrame,
SpatialPolygons, SpatialLinesDataFrame, SpatialLines
mapviewColors.Rd: level.colors
mapviewOptions.Rd: addRasterImage, addLegend, addMapPane,
rasterOptions
mapviewOutput.Rd: shinyWidgetOutput
viewExtent.Rd: popupTable, addControl, addRectangles
viewRGB.Rd: plotRGB
Please provide package anchors for all Rd \link{} targets not in the
package itself and the base packages.
Flavors: r-devel-linux-x86_64-debian-clang, r-devel-linux-x86_64-debian-gcc, r-devel-windows-x86_64, r-patched-linux-x86_64, r-release-linux-x86_64, r-release-windows-x86_64
Version: 2.11.2
Check: tests
Result: ERROR
Running 'tinytest.R' [11s]
Running the tests in 'tests/tinytest.R' failed.
Complete output:
> if (requireNamespace("tinytest", quietly=TRUE)) {
+ tinytest::test_package("mapview")
+ }
test-color.R.................. 0 tests
test-color.R.................. 1 tests <1b>[0;32mOK<1b>[0m
test-color.R.................. 2 tests <1b>[0;32mOK<1b>[0m
test-color.R.................. 3 tests <1b>[0;32mOK<1b>[0m
test-color.R.................. 4 tests <1b>[0;32mOK<1b>[0m
test-color.R.................. 5 tests <1b>[0;32mOK<1b>[0m
test-color.R.................. 6 tests <1b>[0;32mOK<1b>[0m <1b>[0;36m61ms<1b>[0m
Linking to GEOS 3.13.1, GDAL 3.10.2, PROJ 9.5.1; sf_use_s2() is TRUE
test-mapview.R................ 0 tests
test-mapview.R................ 0 tests
test-mapview.R................ 0 tests
test-mapview.R................ 1 tests <1b>[0;32mOK<1b>[0m
test-mapview.R................ 2 tests <1b>[0;32mOK<1b>[0m
test-mapview.R................ 3 tests <1b>[0;32mOK<1b>[0m
test-mapview.R................ 4 tests <1b>[0;32mOK<1b>[0m
test-mapview.R................ 4 tests <1b>[0;32mOK<1b>[0m
test-mapview.R................ 5 tests <1b>[0;32mOK<1b>[0m
test-mapview.R................ 6 tests <1b>[0;32mOK<1b>[0m
test-mapview.R................ 7 tests <1b>[0;32mOK<1b>[0m
test-mapview.R................ 8 tests <1b>[0;32mOK<1b>[0m
test-mapview.R................ 8 tests <1b>[0;32mOK<1b>[0m
test-mapview.R................ 8 tests <1b>[0;32mOK<1b>[0m
test-mapview.R................ 9 tests <1b>[0;32mOK<1b>[0m
test-mapview.R................ 10 tests <1b>[0;32mOK<1b>[0m
test-mapview.R................ 11 tests <1b>[0;32mOK<1b>[0m
test-mapview.R................ 12 tests <1b>[0;32mOK<1b>[0m
test-mapview.R................ 12 tests <1b>[0;32mOK<1b>[0m
test-mapview.R................ 13 tests <1b>[0;32mOK<1b>[0m
test-mapview.R................ 14 tests <1b>[0;32mOK<1b>[0m
test-mapview.R................ 15 tests <1b>[0;32mOK<1b>[0m
test-mapview.R................ 16 tests <1b>[0;32mOK<1b>[0m
test-mapview.R................ 16 tests <1b>[0;32mOK<1b>[0m
test-mapview.R................ 16 tests <1b>[0;32mOK<1b>[0m
test-mapview.R................ 17 tests <1b>[0;32mOK<1b>[0m
test-mapview.R................ 18 tests <1b>[0;32mOK<1b>[0m
test-mapview.R................ 19 tests <1b>[0;32mOK<1b>[0m
test-mapview.R................ 20 tests <1b>[0;32mOK<1b>[0m
test-mapview.R................ 20 tests <1b>[0;32mOK<1b>[0m
test-mapview.R................ 21 tests <1b>[0;32mOK<1b>[0m
test-mapview.R................ 22 tests <1b>[0;32mOK<1b>[0m
test-mapview.R................ 23 tests <1b>[0;32mOK<1b>[0m
test-mapview.R................ 24 tests <1b>[0;32mOK<1b>[0m
test-mapview.R................ 24 tests <1b>[0;32mOK<1b>[0m
test-mapview.R................ 24 tests <1b>[0;32mOK<1b>[0m
test-mapview.R................ 25 tests <1b>[0;32mOK<1b>[0m
test-mapview.R................ 26 tests <1b>[0;32mOK<1b>[0m
test-mapview.R................ 27 tests <1b>[0;32mOK<1b>[0m
test-mapview.R................ 28 tests <1b>[0;32mOK<1b>[0m
test-mapview.R................ 28 tests <1b>[0;32mOK<1b>[0m
test-mapview.R................ 29 tests <1b>[0;32mOK<1b>[0m
test-mapview.R................ 30 tests <1b>[0;32mOK<1b>[0m
test-mapview.R................ 31 tests <1b>[0;32mOK<1b>[0m
test-mapview.R................ 32 tests <1b>[0;32mOK<1b>[0m
test-mapview.R................ 32 tests <1b>[0;32mOK<1b>[0m
test-mapview.R................ 32 tests <1b>[0;32mOK<1b>[0m
test-mapview.R................ 33 tests <1b>[0;32mOK<1b>[0m
test-mapview.R................ 33 tests <1b>[0;32mOK<1b>[0m
test-mapview.R................ 34 tests <1b>[0;32mOK<1b>[0m
test-mapview.R................ 34 tests <1b>[0;32mOK<1b>[0m
test-mapview.R................ 34 tests <1b>[0;32mOK<1b>[0m
test-mapview.R................ 35 tests <1b>[0;32mOK<1b>[0m
test-mapview.R................ 36 tests <1b>[0;32mOK<1b>[0m
test-mapview.R................ 37 tests <1b>[0;32mOK<1b>[0m
test-mapview.R................ 38 tests <1b>[0;32mOK<1b>[0m
test-mapview.R................ 38 tests <1b>[0;32mOK<1b>[0m
test-mapview.R................ 39 tests <1b>[0;32mOK<1b>[0m
test-mapview.R................ 40 tests <1b>[0;32mOK<1b>[0m
test-mapview.R................ 41 tests <1b>[0;32mOK<1b>[0m
test-mapview.R................ 42 tests <1b>[0;32mOK<1b>[0m Loading required package: sp
test-mapview.R................ 42 tests <1b>[0;32mOK<1b>[0m Error in file(con, "w") : cannot open the connection
Calls: <Anonymous> ... .local -> leafletRL -> <Anonymous> -> writeLines -> file
In addition: Warning message:
In file(con, "w") :
cannot open file 'D:\temp\2025_05_02_01_50_00_13359\Rtmp2z462r\file16a94396c3fd4/plainview::poppendorf[[4]]_home-button.css': Invalid argument
Execution halted
Flavor: r-release-windows-x86_64
Version: 2.11.2
Check: tests
Result: ERROR
Running 'tinytest.R' [17s]
Running the tests in 'tests/tinytest.R' failed.
Complete output:
> if (requireNamespace("tinytest", quietly=TRUE)) {
+ tinytest::test_package("mapview")
+ }
test-color.R.................. 0 tests
test-color.R.................. 1 tests <1b>[0;32mOK<1b>[0m
test-color.R.................. 2 tests <1b>[0;32mOK<1b>[0m
test-color.R.................. 3 tests <1b>[0;32mOK<1b>[0m
test-color.R.................. 4 tests <1b>[0;32mOK<1b>[0m
test-color.R.................. 5 tests <1b>[0;32mOK<1b>[0m
test-color.R.................. 6 tests <1b>[0;32mOK<1b>[0m <1b>[0;34m0.1s<1b>[0m
Linking to GEOS 3.13.0, GDAL 3.10.1, PROJ 9.5.1; sf_use_s2() is TRUE
test-mapview.R................ 0 tests
test-mapview.R................ 0 tests
test-mapview.R................ 0 tests
test-mapview.R................ 1 tests <1b>[0;32mOK<1b>[0m
test-mapview.R................ 2 tests <1b>[0;32mOK<1b>[0m
test-mapview.R................ 3 tests <1b>[0;32mOK<1b>[0m
test-mapview.R................ 4 tests <1b>[0;32mOK<1b>[0m
test-mapview.R................ 4 tests <1b>[0;32mOK<1b>[0m
test-mapview.R................ 5 tests <1b>[0;32mOK<1b>[0m
test-mapview.R................ 6 tests <1b>[0;32mOK<1b>[0m
test-mapview.R................ 7 tests <1b>[0;32mOK<1b>[0m
test-mapview.R................ 8 tests <1b>[0;32mOK<1b>[0m
test-mapview.R................ 8 tests <1b>[0;32mOK<1b>[0m
test-mapview.R................ 8 tests <1b>[0;32mOK<1b>[0m
test-mapview.R................ 9 tests <1b>[0;32mOK<1b>[0m
test-mapview.R................ 10 tests <1b>[0;32mOK<1b>[0m
test-mapview.R................ 11 tests <1b>[0;32mOK<1b>[0m
test-mapview.R................ 12 tests <1b>[0;32mOK<1b>[0m
test-mapview.R................ 12 tests <1b>[0;32mOK<1b>[0m
test-mapview.R................ 13 tests <1b>[0;32mOK<1b>[0m
test-mapview.R................ 14 tests <1b>[0;32mOK<1b>[0m
test-mapview.R................ 15 tests <1b>[0;32mOK<1b>[0m
test-mapview.R................ 16 tests <1b>[0;32mOK<1b>[0m
test-mapview.R................ 16 tests <1b>[0;32mOK<1b>[0m
test-mapview.R................ 16 tests <1b>[0;32mOK<1b>[0m
test-mapview.R................ 17 tests <1b>[0;32mOK<1b>[0m
test-mapview.R................ 18 tests <1b>[0;32mOK<1b>[0m
test-mapview.R................ 19 tests <1b>[0;32mOK<1b>[0m
test-mapview.R................ 20 tests <1b>[0;32mOK<1b>[0m
test-mapview.R................ 20 tests <1b>[0;32mOK<1b>[0m
test-mapview.R................ 21 tests <1b>[0;32mOK<1b>[0m
test-mapview.R................ 22 tests <1b>[0;32mOK<1b>[0m
test-mapview.R................ 23 tests <1b>[0;32mOK<1b>[0m
test-mapview.R................ 24 tests <1b>[0;32mOK<1b>[0m
test-mapview.R................ 24 tests <1b>[0;32mOK<1b>[0m
test-mapview.R................ 24 tests <1b>[0;32mOK<1b>[0m
test-mapview.R................ 25 tests <1b>[0;32mOK<1b>[0m
test-mapview.R................ 26 tests <1b>[0;32mOK<1b>[0m
test-mapview.R................ 27 tests <1b>[0;32mOK<1b>[0m
test-mapview.R................ 28 tests <1b>[0;32mOK<1b>[0m
test-mapview.R................ 28 tests <1b>[0;32mOK<1b>[0m
test-mapview.R................ 29 tests <1b>[0;32mOK<1b>[0m
test-mapview.R................ 30 tests <1b>[0;32mOK<1b>[0m
test-mapview.R................ 31 tests <1b>[0;32mOK<1b>[0m
test-mapview.R................ 32 tests <1b>[0;32mOK<1b>[0m
test-mapview.R................ 32 tests <1b>[0;32mOK<1b>[0m
test-mapview.R................ 32 tests <1b>[0;32mOK<1b>[0m
test-mapview.R................ 33 tests <1b>[0;32mOK<1b>[0m
test-mapview.R................ 33 tests <1b>[0;32mOK<1b>[0m
test-mapview.R................ 34 tests <1b>[0;32mOK<1b>[0m
test-mapview.R................ 34 tests <1b>[0;32mOK<1b>[0m
test-mapview.R................ 34 tests <1b>[0;32mOK<1b>[0m
test-mapview.R................ 35 tests <1b>[0;32mOK<1b>[0m
test-mapview.R................ 36 tests <1b>[0;32mOK<1b>[0m
test-mapview.R................ 37 tests <1b>[0;32mOK<1b>[0m
test-mapview.R................ 38 tests <1b>[0;32mOK<1b>[0m
test-mapview.R................ 38 tests <1b>[0;32mOK<1b>[0m
test-mapview.R................ 39 tests <1b>[0;32mOK<1b>[0m
test-mapview.R................ 40 tests <1b>[0;32mOK<1b>[0m
test-mapview.R................ 41 tests <1b>[0;32mOK<1b>[0m
test-mapview.R................ 42 tests <1b>[0;32mOK<1b>[0m Loading required package: sp
test-mapview.R................ 42 tests <1b>[0;32mOK<1b>[0m Error in file(con, "w") : cannot open the connection
Calls: <Anonymous> ... .local -> leafletRL -> <Anonymous> -> writeLines -> file
In addition: Warning message:
In file(con, "w") :
cannot open file 'D:\temp\2025_05_02_10_47_41_20405\RtmpkraSgY\file13ea87fef1d49/plainview::poppendorf[[4]]_home-button.css': Invalid argument
Execution halted
Flavor: r-oldrel-windows-x86_64