Last updated on 2024-06-16 11:58:00 CEST.
Flavor | Version | Tinstall | Tcheck | Ttotal | Status | Flags |
---|---|---|---|---|---|---|
r-devel-linux-x86_64-debian-clang | 1.2-2.1 | 10.08 | 92.55 | 102.63 | NOTE | |
r-devel-linux-x86_64-debian-gcc | 1.2-2.1 | 8.71 | 68.72 | 77.43 | NOTE | |
r-devel-linux-x86_64-fedora-clang | 1.2-2.1 | 132.29 | NOTE | |||
r-devel-linux-x86_64-fedora-gcc | 1.2-2.1 | 118.34 | NOTE | |||
r-devel-windows-x86_64 | 1.2-2.1 | 9.00 | 93.00 | 102.00 | NOTE | |
r-patched-linux-x86_64 | 1.2-2.1 | 11.42 | 90.36 | 101.78 | NOTE | |
r-release-linux-x86_64 | 1.2-2.1 | 12.28 | 89.11 | 101.39 | NOTE | |
r-release-macos-arm64 | 1.2-2.1 | 37.00 | NOTE | |||
r-release-macos-x86_64 | 1.2-2.1 | 55.00 | NOTE | |||
r-release-windows-x86_64 | 1.2-2.1 | 11.00 | 100.00 | 111.00 | NOTE | |
r-oldrel-macos-arm64 | 1.2-2.1 | 40.00 | NOTE | |||
r-oldrel-macos-x86_64 | 1.2-2.1 | 66.00 | NOTE | |||
r-oldrel-windows-x86_64 | 1.2-2.1 | 13.00 | 107.00 | 120.00 | NOTE |
Version: 1.2-2.1
Check: Rd files
Result: NOTE
checkRd: (-1) residuals.rsm.Rd:74: Escaped LaTeX specials: \&
Flavors: r-devel-linux-x86_64-debian-clang, r-devel-linux-x86_64-debian-gcc, r-devel-linux-x86_64-fedora-clang, r-devel-linux-x86_64-fedora-gcc, r-devel-windows-x86_64, r-patched-linux-x86_64, r-release-linux-x86_64, r-release-macos-arm64, r-release-macos-x86_64, r-release-windows-x86_64, r-oldrel-macos-arm64, r-oldrel-macos-x86_64, r-oldrel-windows-x86_64
Version: 1.2-2.1
Check: package dependencies
Result: NOTE
Packages suggested but not available for checking: 'csampling', 'nlreg'
Flavor: r-oldrel-macos-x86_64