Last updated on 2025-05-03 21:51:23 CEST.
Flavor | Version | Tinstall | Tcheck | Ttotal | Status | Flags |
---|---|---|---|---|---|---|
r-devel-linux-x86_64-debian-clang | 0.1.1 | 46.79 | 83.28 | 130.07 | NOTE | |
r-devel-linux-x86_64-debian-gcc | 0.1.1 | 37.91 | 67.33 | 105.24 | NOTE | |
r-devel-linux-x86_64-fedora-clang | 0.1.1 | 201.93 | NOTE | |||
r-devel-linux-x86_64-fedora-gcc | 0.1.1 | 237.41 | NOTE | |||
r-devel-windows-x86_64 | 0.1.1 | 52.00 | 122.00 | 174.00 | NOTE | |
r-patched-linux-x86_64 | 0.1.1 | 50.15 | 77.21 | 127.36 | NOTE | |
r-release-linux-x86_64 | NOTE | |||||
r-release-macos-arm64 | 0.1.1 | 89.00 | NOTE | |||
r-release-macos-x86_64 | 0.1.1 | 150.00 | NOTE | |||
r-release-windows-x86_64 | 0.1.1 | 51.00 | 114.00 | 165.00 | NOTE | |
r-oldrel-macos-arm64 | 0.1.1 | 66.00 | NOTE | |||
r-oldrel-macos-x86_64 | 0.1.1 | 104.00 | NOTE | |||
r-oldrel-windows-x86_64 | 0.1.1 | 61.00 | 141.00 | 202.00 | NOTE |
Version: 0.1.1
Check: CRAN incoming feasibility
Result: NOTE
Maintainer: ‘Yixuan Qiu <yixuan.qiu@cos.name>’
No Authors@R field in DESCRIPTION.
Please add one, modifying
Authors@R: c(person(given = "Yixuan",
family = "Qiu",
role = c("aut", "cre"),
email = "yixuan.qiu@cos.name"),
person(given = "Jiebiao",
family = "Wang",
role = "aut"),
person(given = "Jing",
family = "Lei",
role = "aut"),
person(given = "Kathryn",
family = "Roeder",
role = "aut"))
as necessary.
Flavors: r-devel-linux-x86_64-debian-clang, r-devel-linux-x86_64-debian-gcc
Version: 0.1.1
Check: C++ specification
Result: NOTE
Specified C++11: please drop specification unless essential
Flavors: r-devel-linux-x86_64-debian-clang, r-devel-linux-x86_64-debian-gcc, r-devel-linux-x86_64-fedora-clang, r-devel-linux-x86_64-fedora-gcc, r-devel-windows-x86_64, r-patched-linux-x86_64, r-release-linux-x86_64, r-release-macos-arm64, r-release-macos-x86_64, r-release-windows-x86_64, r-oldrel-macos-arm64, r-oldrel-macos-x86_64, r-oldrel-windows-x86_64
Version: 0.1.1
Check: installed package size
Result: NOTE
installed size is 18.2Mb
sub-directories of 1Mb or more:
examples 2.7Mb
libs 14.2Mb
Flavors: r-oldrel-macos-arm64, r-oldrel-macos-x86_64, r-oldrel-windows-x86_64