Last updated on 2025-05-03 21:51:23 CEST.
Flavor | Version | Tinstall | Tcheck | Ttotal | Status | Flags |
---|---|---|---|---|---|---|
r-devel-linux-x86_64-debian-clang | 0.8.8 | 2.58 | 49.46 | 52.04 | NOTE | |
r-devel-linux-x86_64-debian-gcc | 0.8.8 | 1.95 | 39.00 | 40.95 | NOTE | |
r-devel-linux-x86_64-fedora-clang | 0.8.8 | 82.48 | OK | |||
r-devel-linux-x86_64-fedora-gcc | 0.8.8 | 112.89 | OK | |||
r-devel-windows-x86_64 | 0.8.8 | 5.00 | 73.00 | 78.00 | OK | |
r-patched-linux-x86_64 | 0.8.8 | 2.74 | 48.36 | 51.10 | OK | |
r-release-linux-x86_64 | OK | |||||
r-release-macos-arm64 | 0.8.8 | 72.00 | OK | |||
r-release-macos-x86_64 | 0.8.8 | 141.00 | OK | |||
r-release-windows-x86_64 | 0.8.8 | 5.00 | 72.00 | 77.00 | OK | |
r-oldrel-macos-arm64 | 0.8.8 | 40.00 | OK | |||
r-oldrel-macos-x86_64 | 0.8.8 | 80.00 | OK | |||
r-oldrel-windows-x86_64 | 0.8.8 | 5.00 | 85.00 | 90.00 | OK |
Version: 0.8.8
Check: CRAN incoming feasibility
Result: NOTE
Maintainer: ‘Mans Magnusson <mons.magnusson@gmail.com>’
No Authors@R field in DESCRIPTION.
Please add one, modifying
Authors@R: c(person(given = "Mans",
family = "Magnusson",
role = c("aut", "cre"),
email = "mons.magnusson@gmail.com"),
person(given = "Oscar",
family = "Pettersson",
role = "aut"))
as necessary.
Flavors: r-devel-linux-x86_64-debian-clang, r-devel-linux-x86_64-debian-gcc