CRAN Package Check Results for Package marmap

Last updated on 2025-05-03 21:51:23 CEST.

Flavor Version Tinstall Tcheck Ttotal Status Flags
r-devel-linux-x86_64-debian-clang 1.0.10 36.15 359.42 395.57 NOTE
r-devel-linux-x86_64-debian-gcc 1.0.10 24.69 239.80 264.49 NOTE
r-devel-linux-x86_64-fedora-clang 1.0.10 698.73 OK
r-devel-linux-x86_64-fedora-gcc 1.0.10 637.05 OK
r-devel-windows-x86_64 1.0.10 36.00 319.00 355.00 NOTE
r-patched-linux-x86_64 1.0.10 35.44 341.97 377.41 NOTE
r-release-linux-x86_64 NOTE
r-release-macos-arm64 1.0.10 169.00 OK
r-release-macos-x86_64 1.0.10 297.00 OK
r-release-windows-x86_64 1.0.10 5.00 5.00 10.00 ERROR
r-oldrel-macos-arm64 1.0.10 139.00 OK
r-oldrel-macos-x86_64 1.0.10 231.00 OK
r-oldrel-windows-x86_64 1.0.10 51.00 429.00 480.00 OK

Check Details

Version: 1.0.10
Check: CRAN incoming feasibility
Result: NOTE Maintainer: ‘Benoit Simon-Bouhet <besibo@gmail.com>’ No Authors@R field in DESCRIPTION. Please add one, modifying Authors@R: c(person(given = "Eric", family = "Pante", role = "aut"), person(given = "Benoit", family = "Simon-Bouhet", role = c("aut", "cre"), email = "besibo@gmail.com"), person(given = "Jean-Olivier", family = "Irisson", role = "aut")) as necessary. Flavors: r-devel-linux-x86_64-debian-clang, r-devel-linux-x86_64-debian-gcc

Version: 1.0.10
Check: Rd cross-references
Result: NOTE Found the following Rd file(s) with Rd \link{} targets missing package anchors: autoplot.bathy.Rd: coord_map get.area.Rd: areaPolygon plotArea.Rd: areaPolygon Please provide package anchors for all Rd \link{} targets not in the package itself and the base packages. Flavors: r-devel-linux-x86_64-debian-clang, r-devel-linux-x86_64-debian-gcc, r-devel-windows-x86_64, r-patched-linux-x86_64, r-release-linux-x86_64

Version: 1.0.10
Check: whether package can be installed
Result: ERROR Installation failed. Flavor: r-release-windows-x86_64