Last updated on 2024-06-17 06:50:22 CEST.
Flavor | Version | Tinstall | Tcheck | Ttotal | Status | Flags |
---|---|---|---|---|---|---|
r-devel-linux-x86_64-debian-clang | 0.1.0 | 17.93 | 141.81 | 159.74 | OK | |
r-devel-linux-x86_64-debian-gcc | 0.1.0 | 13.05 | 106.95 | 120.00 | OK | |
r-devel-linux-x86_64-fedora-clang | 0.1.0 | 210.48 | NOTE | |||
r-devel-linux-x86_64-fedora-gcc | 0.1.0 | 202.40 | NOTE | |||
r-devel-windows-x86_64 | 0.1.0 | 14.00 | 120.00 | 134.00 | OK | |
r-patched-linux-x86_64 | 0.1.0 | 11.64 | 138.88 | 150.52 | OK | |
r-release-linux-x86_64 | 0.1.0 | 10.32 | 136.84 | 147.16 | OK | |
r-release-macos-arm64 | 0.1.0 | 59.00 | OK | |||
r-release-macos-x86_64 | 0.1.0 | 95.00 | OK | |||
r-release-windows-x86_64 | 0.1.0 | 14.00 | 119.00 | 133.00 | OK | |
r-oldrel-macos-arm64 | 0.1.0 | 66.00 | OK | |||
r-oldrel-macos-x86_64 | 0.1.0 | 127.00 | OK | |||
r-oldrel-windows-x86_64 | 0.1.0 | 18.00 | 146.00 | 164.00 | OK |
Version: 0.1.0
Check: dependencies in R code
Result: NOTE
Namespace in Imports field not imported from: ‘formatR’
All declared Imports should be used.
Flavors: r-devel-linux-x86_64-fedora-clang, r-devel-linux-x86_64-fedora-gcc