Last updated on 2025-05-03 21:51:23 CEST.
Flavor | Version | Tinstall | Tcheck | Ttotal | Status | Flags |
---|---|---|---|---|---|---|
r-devel-linux-x86_64-debian-clang | 0.6.11 | 8.15 | 155.88 | 164.03 | NOTE | |
r-devel-linux-x86_64-debian-gcc | 0.6.11 | 4.63 | 103.84 | 108.47 | NOTE | |
r-devel-linux-x86_64-fedora-clang | 0.6.11 | 266.22 | NOTE | |||
r-devel-linux-x86_64-fedora-gcc | 0.6.11 | 256.41 | NOTE | |||
r-devel-windows-x86_64 | 0.6.11 | 9.00 | 162.00 | 171.00 | NOTE | |
r-patched-linux-x86_64 | 0.6.11 | 8.88 | 145.60 | 154.48 | NOTE | |
r-release-linux-x86_64 | NOTE | |||||
r-release-macos-arm64 | 0.6.11 | 61.00 | NOTE | |||
r-release-macos-x86_64 | 0.6.11 | 117.00 | NOTE | |||
r-release-windows-x86_64 | 0.6.11 | 10.00 | 158.00 | 168.00 | NOTE | |
r-oldrel-macos-arm64 | 0.6.11 | 75.00 | OK | |||
r-oldrel-macos-x86_64 | 0.6.11 | 127.00 | OK | |||
r-oldrel-windows-x86_64 | 0.6.11 | 12.00 | 196.00 | 208.00 | OK |
Version: 0.6.11
Check: DESCRIPTION meta-information
Result: NOTE
Missing dependency on R >= 4.1.0 because package code uses the pipe
|> or function shorthand \(...) syntax added in R 4.1.0.
File(s) using such syntax:
‘Unary.R’ ‘Utilities.R’ ‘named_triplet.R’ ‘reallocate.R’
‘rename_to_piece_byname.Rd’ ‘select_rows_cols_byname.Rd’
‘to_named_triplet.Rd’
Flavors: r-devel-linux-x86_64-debian-clang, r-devel-linux-x86_64-debian-gcc, r-devel-linux-x86_64-fedora-clang, r-devel-linux-x86_64-fedora-gcc, r-devel-windows-x86_64, r-patched-linux-x86_64, r-release-linux-x86_64, r-release-macos-arm64, r-release-windows-x86_64
Version: 0.6.11
Check: DESCRIPTION meta-information
Result: NOTE
Missing dependency on R >= 4.1.0 because package code uses the pipe
|> or function shorthand \(...) syntax added in R 4.1.0.
File(s) using such syntax:
‘Unary.R’ ‘Utilities.R’ ‘named_triplet.R’ ‘reallocate.R’
Flavor: r-release-macos-x86_64