CRAN Package Check Results for Package matsindf

Last updated on 2025-05-03 12:54:46 CEST.

Flavor Version Tinstall Tcheck Ttotal Status Flags
r-devel-linux-x86_64-debian-clang 0.4.8 3.31 80.16 83.47 NOTE
r-devel-linux-x86_64-debian-gcc 0.4.8 2.66 61.35 64.01 NOTE
r-devel-linux-x86_64-fedora-clang 0.4.8 124.77 NOTE
r-devel-linux-x86_64-fedora-gcc 0.4.8 139.32 NOTE
r-devel-windows-x86_64 0.4.8 5.00 90.00 95.00 NOTE
r-patched-linux-x86_64 0.4.8 4.12 75.13 79.25 NOTE
r-release-linux-x86_64 NOTE
r-release-macos-arm64 0.4.8 47.00 NOTE
r-release-macos-x86_64 0.4.8 101.00 NOTE
r-release-windows-x86_64 0.4.8 5.00 93.00 98.00 NOTE
r-oldrel-macos-arm64 0.4.8 46.00 OK
r-oldrel-macos-x86_64 0.4.8 68.00 OK
r-oldrel-windows-x86_64 0.4.8 6.00 106.00 112.00 OK

Check Details

Version: 0.4.8
Check: DESCRIPTION meta-information
Result: NOTE Missing dependency on R >= 4.1.0 because package code uses the pipe |> or function shorthand \(...) syntax added in R 4.1.0. File(s) using such syntax: ‘df_to_msg.Rd’ ‘matsindf_apply.R’ ‘utilities.R’ Flavors: r-devel-linux-x86_64-debian-clang, r-devel-linux-x86_64-debian-gcc, r-devel-linux-x86_64-fedora-clang, r-devel-linux-x86_64-fedora-gcc, r-devel-windows-x86_64, r-patched-linux-x86_64, r-release-linux-x86_64, r-release-macos-arm64, r-release-windows-x86_64

Version: 0.4.8
Check: DESCRIPTION meta-information
Result: NOTE Missing dependency on R >= 4.1.0 because package code uses the pipe |> or function shorthand \(...) syntax added in R 4.1.0. File(s) using such syntax: ‘matsindf_apply.R’ ‘utilities.R’ Flavor: r-release-macos-x86_64