Last updated on 2025-07-22 21:51:06 CEST.
Flavor | Version | Tinstall | Tcheck | Ttotal | Status | Flags |
---|---|---|---|---|---|---|
r-devel-linux-x86_64-debian-clang | 0.1-11 | 25.53 | 225.50 | 251.03 | NOTE | |
r-devel-linux-x86_64-debian-gcc | 0.1-11 | 17.66 | 145.68 | 163.34 | NOTE | |
r-devel-linux-x86_64-fedora-clang | 0.1-11 | 404.36 | OK | |||
r-devel-linux-x86_64-fedora-gcc | 0.1-11 | 417.38 | OK | |||
r-devel-windows-x86_64 | 0.1-11 | 24.00 | 175.00 | 199.00 | NOTE | |
r-patched-linux-x86_64 | 0.1-11 | 26.27 | 216.74 | 243.01 | NOTE | |
r-release-linux-x86_64 | 0.1-11 | 22.73 | 216.44 | 239.17 | NOTE | |
r-release-macos-arm64 | 0.1-11 | 96.00 | OK | |||
r-release-macos-x86_64 | 0.1-11 | 250.00 | OK | |||
r-release-windows-x86_64 | 0.1-11 | 24.00 | 177.00 | 201.00 | NOTE | |
r-oldrel-macos-arm64 | 0.1-11 | 80.00 | OK | |||
r-oldrel-macos-x86_64 | 0.1-11 | 152.00 | OK | |||
r-oldrel-windows-x86_64 | 0.1-11 | 35.00 | 248.00 | 283.00 | OK |
Version: 0.1-11
Check: CRAN incoming feasibility
Result: NOTE
Maintainer: ‘Roeland Kindt <RoelandCEKindt@gmail.com>’
No Authors@R field in DESCRIPTION.
Please add one, modifying
Authors@R: c(person(given = "Richard",
family = "Chandler",
role = "aut"),
person(given = "Andy",
family = "Royle",
role = "aut"),
person(given = "Roeland",
family = "Kindt",
role = c("aut", "cre"),
email = "roelandcekindt@gmail.com"))
as necessary.
Flavors: r-devel-linux-x86_64-debian-clang, r-devel-linux-x86_64-debian-gcc
Version: 0.1-11
Check: Rd cross-references
Result: NOTE
Found the following Rd file(s) with Rd \link{} targets missing package
anchors:
carw.Rd: raster
maxlike-package.Rd: raster
maxlike.Rd: raster-package, raster
Please provide package anchors for all Rd \link{} targets not in the
package itself and the base packages.
Flavors: r-devel-linux-x86_64-debian-clang, r-devel-linux-x86_64-debian-gcc, r-devel-windows-x86_64, r-patched-linux-x86_64, r-release-linux-x86_64, r-release-windows-x86_64