Last updated on 2024-06-17 06:50:22 CEST.
Flavor | Version | Tinstall | Tcheck | Ttotal | Status | Flags |
---|---|---|---|---|---|---|
r-devel-linux-x86_64-debian-clang | 0.1.3 | 7.18 | 46.19 | 53.37 | NOTE | |
r-devel-linux-x86_64-debian-gcc | 0.1.3 | 4.73 | 36.01 | 40.74 | NOTE | |
r-devel-linux-x86_64-fedora-clang | 0.1.3 | 68.14 | NOTE | |||
r-devel-linux-x86_64-fedora-gcc | 0.1.3 | 63.34 | NOTE | |||
r-devel-windows-x86_64 | 0.1.3 | 7.00 | 71.00 | 78.00 | OK | |
r-patched-linux-x86_64 | 0.1.3 | 6.44 | 45.25 | 51.69 | NOTE | |
r-release-linux-x86_64 | 0.1.3 | 5.89 | 45.89 | 51.78 | NOTE | |
r-release-macos-arm64 | 0.1.3 | 24.00 | OK | |||
r-release-macos-x86_64 | 0.1.3 | 32.00 | OK | |||
r-release-windows-x86_64 | 0.1.3 | 8.00 | 69.00 | 77.00 | OK | |
r-oldrel-macos-arm64 | 0.1.3 | 24.00 | OK | |||
r-oldrel-macos-x86_64 | 0.1.3 | 33.00 | OK | |||
r-oldrel-windows-x86_64 | 0.1.3 | 8.00 | 78.00 | 86.00 | OK |
Version: 0.1.3
Check: for non-standard things in the check directory
Result: NOTE
Found the following files/directories:
‘map_5.png’ ‘maze_5.html’
Flavors: r-devel-linux-x86_64-debian-clang, r-devel-linux-x86_64-debian-gcc, r-devel-linux-x86_64-fedora-clang, r-devel-linux-x86_64-fedora-gcc, r-patched-linux-x86_64, r-release-linux-x86_64