Last updated on 2025-05-03 21:51:23 CEST.
Flavor | Version | Tinstall | Tcheck | Ttotal | Status | Flags |
---|---|---|---|---|---|---|
r-devel-linux-x86_64-debian-clang | 0.1.2 | 6.07 | 62.62 | 68.69 | OK | |
r-devel-linux-x86_64-debian-gcc | 0.1.2 | 4.00 | 44.46 | 48.46 | OK | |
r-devel-linux-x86_64-fedora-clang | 0.1.2 | 94.20 | OK | |||
r-devel-linux-x86_64-fedora-gcc | 0.1.2 | 99.38 | OK | |||
r-devel-windows-x86_64 | 0.1.2 | 6.00 | 81.00 | 87.00 | OK | |
r-patched-linux-x86_64 | 0.1.2 | 5.32 | 56.02 | 61.34 | OK | |
r-release-linux-x86_64 | OK | |||||
r-release-macos-arm64 | 0.1.2 | 28.00 | OK | |||
r-release-macos-x86_64 | 0.1.2 | 57.00 | OK | |||
r-release-windows-x86_64 | 0.1.2 | 8.00 | 78.00 | 86.00 | OK | |
r-oldrel-macos-arm64 | 0.1.2 | 31.00 | NOTE | |||
r-oldrel-macos-x86_64 | 0.1.2 | 45.00 | NOTE | |||
r-oldrel-windows-x86_64 | 0.1.2 | 9.00 | 95.00 | 104.00 | NOTE |
Version: 0.1.2
Check: LazyData
Result: NOTE
'LazyData' is specified without a 'data' directory
Flavors: r-oldrel-macos-arm64, r-oldrel-macos-x86_64, r-oldrel-windows-x86_64