Last updated on 2024-06-17 06:50:23 CEST.
Flavor | Version | Tinstall | Tcheck | Ttotal | Status | Flags |
---|---|---|---|---|---|---|
r-devel-linux-x86_64-debian-clang | 1.0.0 | 11.15 | 1011.93 | 1023.08 | OK | |
r-devel-linux-x86_64-debian-gcc | 1.0.0 | 10.51 | 701.77 | 712.28 | OK | |
r-devel-linux-x86_64-fedora-clang | 1.0.0 | 1269.13 | NOTE | |||
r-devel-linux-x86_64-fedora-gcc | 1.0.0 | 1097.06 | NOTE | |||
r-devel-windows-x86_64 | 1.0.0 | 11.00 | 571.00 | 582.00 | OK | |
r-patched-linux-x86_64 | 1.0.0 | 10.14 | 956.07 | 966.21 | OK | |
r-release-linux-x86_64 | 1.0.0 | 7.35 | 962.42 | 969.77 | OK | |
r-release-macos-arm64 | 1.0.0 | 245.00 | OK | |||
r-release-macos-x86_64 | 1.0.0 | 516.00 | OK | |||
r-release-windows-x86_64 | 1.0.0 | 12.00 | 561.00 | 573.00 | OK | |
r-oldrel-macos-arm64 | 1.0.0 | 167.00 | OK | |||
r-oldrel-macos-x86_64 | 1.0.0 | 559.00 | OK | |||
r-oldrel-windows-x86_64 | 1.0.0 | 14.00 | 861.00 | 875.00 | OK |
Version: 1.0.0
Check: dependencies in R code
Result: NOTE
Namespaces in Imports field not imported from:
‘mvtnorm’ ‘numDeriv’ ‘utils’
All declared Imports should be used.
Flavors: r-devel-linux-x86_64-fedora-clang, r-devel-linux-x86_64-fedora-gcc
Version: 1.0.0
Check: data for non-ASCII characters
Result: NOTE
Note: found 36 marked UTF-8 strings
Flavors: r-devel-linux-x86_64-fedora-clang, r-devel-linux-x86_64-fedora-gcc