Last updated on 2025-07-21 21:51:08 CEST.
Flavor | Version | Tinstall | Tcheck | Ttotal | Status | Flags |
---|---|---|---|---|---|---|
r-devel-linux-x86_64-debian-clang | 1.0.1 | 3.52 | 34.10 | 37.62 | NOTE | |
r-devel-linux-x86_64-debian-gcc | 1.0.1 | 2.22 | 26.31 | 28.53 | NOTE | |
r-devel-linux-x86_64-fedora-clang | 1.0.1 | 61.24 | NOTE | |||
r-devel-linux-x86_64-fedora-gcc | 1.0.1 | 100.14 | NOTE | |||
r-devel-windows-x86_64 | 1.0.1 | 5.00 | 62.00 | 67.00 | NOTE | |
r-patched-linux-x86_64 | 1.0.1 | 4.08 | 31.42 | 35.50 | NOTE | |
r-release-linux-x86_64 | 1.0.1 | 3.19 | 32.82 | 36.01 | NOTE | |
r-release-macos-arm64 | 1.0.1 | 70.00 | NOTE | |||
r-release-macos-x86_64 | 1.0.1 | 103.00 | NOTE | |||
r-release-windows-x86_64 | 1.0.1 | 5.00 | 65.00 | 70.00 | NOTE | |
r-oldrel-macos-arm64 | 1.0.1 | 52.00 | NOTE | |||
r-oldrel-macos-x86_64 | 1.0.1 | 77.00 | NOTE | |||
r-oldrel-windows-x86_64 | 1.0.1 | 6.00 | 71.00 | 77.00 | NOTE |
Version: 1.0.1
Check: CRAN incoming feasibility
Result: NOTE
Maintainer: ‘Daniel Noble <daniel.wa.noble@gmail.com>’
Package CITATION file contains call(s) to old-style personList() or
as.personList(). Please use c() on person objects instead.
Package CITATION file contains call(s) to old-style citEntry(). Please
use bibentry() instead.
Flavors: r-devel-linux-x86_64-debian-clang, r-devel-linux-x86_64-debian-gcc
Version: 1.0.1
Check: package subdirectories
Result: NOTE
Problems with news in ‘NEWS.md’:
No news entries found.
Flavors: r-devel-linux-x86_64-debian-clang, r-devel-linux-x86_64-debian-gcc, r-devel-linux-x86_64-fedora-clang, r-devel-linux-x86_64-fedora-gcc, r-devel-windows-x86_64, r-patched-linux-x86_64, r-release-linux-x86_64, r-release-macos-arm64, r-release-macos-x86_64, r-release-windows-x86_64, r-oldrel-macos-arm64, r-oldrel-macos-x86_64, r-oldrel-windows-x86_64
Version: 1.0.1
Check: LazyData
Result: NOTE
'LazyData' is specified without a 'data' directory
Flavors: r-oldrel-macos-arm64, r-oldrel-macos-x86_64, r-oldrel-windows-x86_64