Last updated on 2025-07-24 03:50:04 CEST.
Flavor | Version | Tinstall | Tcheck | Ttotal | Status | Flags |
---|---|---|---|---|---|---|
r-devel-linux-x86_64-debian-clang | 2.6 | 25.13 | 88.04 | 113.17 | NOTE | |
r-devel-linux-x86_64-debian-gcc | 2.6 | 20.65 | 62.78 | 83.43 | NOTE | |
r-devel-linux-x86_64-fedora-clang | 2.6 | 177.44 | OK | |||
r-devel-linux-x86_64-fedora-gcc | 2.6 | 179.95 | OK | |||
r-devel-windows-x86_64 | 2.6 | 51.00 | 113.00 | 164.00 | OK | |
r-patched-linux-x86_64 | 2.6 | 29.57 | 86.30 | 115.87 | OK | |
r-release-linux-x86_64 | 2.6 | 28.64 | 85.07 | 113.71 | OK | |
r-release-macos-arm64 | 2.6 | 53.00 | OK | |||
r-release-macos-x86_64 | 2.6 | 90.00 | OK | |||
r-release-windows-x86_64 | 2.6 | 51.00 | 116.00 | 167.00 | OK | |
r-oldrel-macos-arm64 | 2.6 | 53.00 | OK | |||
r-oldrel-macos-x86_64 | 2.6 | 115.00 | OK | |||
r-oldrel-windows-x86_64 | 2.6 | 62.00 | 137.00 | 199.00 | OK |
Version: 2.6
Check: CRAN incoming feasibility
Result: NOTE
Maintainer: ‘Hadrien Charvat <h.charvat.ef@juntendo.ac.jp>’
No Authors@R field in DESCRIPTION.
Please add one, modifying
Authors@R: c(person(given = "Hadrien",
family = "Charvat",
role = c("aut", "cre"),
email = "h.charvat.ef@juntendo.ac.jp"),
person(given = "Aurelien",
family = "Belot",
role = "aut"),
person(given = "Juste",
family = "Goungounga",
role = "aut"))
as necessary.
Flavors: r-devel-linux-x86_64-debian-clang, r-devel-linux-x86_64-debian-gcc