Last updated on 2024-06-17 06:50:23 CEST.
Flavor | Version | Tinstall | Tcheck | Ttotal | Status | Flags |
---|---|---|---|---|---|---|
r-devel-linux-x86_64-debian-clang | 1.2 | 25.00 | 78.60 | 103.60 | NOTE | |
r-devel-linux-x86_64-debian-gcc | 1.2 | 20.67 | 58.56 | 79.23 | NOTE | |
r-devel-linux-x86_64-fedora-clang | 1.2 | 136.35 | NOTE | |||
r-devel-linux-x86_64-fedora-gcc | 1.2 | 136.03 | NOTE | |||
r-devel-windows-x86_64 | 1.2 | 22.00 | 88.00 | 110.00 | NOTE | |
r-patched-linux-x86_64 | 1.2 | 24.77 | 74.77 | 99.54 | NOTE | |
r-release-linux-x86_64 | 1.2 | 25.62 | 74.44 | 100.06 | NOTE | |
r-release-macos-arm64 | 1.2 | 39.00 | NOTE | |||
r-release-macos-x86_64 | 1.2 | 74.00 | NOTE | |||
r-release-windows-x86_64 | 1.2 | 22.00 | 91.00 | 113.00 | NOTE | |
r-oldrel-macos-arm64 | 1.2 | 47.00 | NOTE | |||
r-oldrel-macos-x86_64 | 1.2 | 69.00 | NOTE | |||
r-oldrel-windows-x86_64 | 1.2 | 23.00 | 110.00 | 133.00 | NOTE |
Version: 1.2
Check: C++ specification
Result: NOTE
Specified C++14: please drop specification unless essential
Flavors: r-devel-linux-x86_64-debian-clang, r-devel-linux-x86_64-debian-gcc, r-devel-linux-x86_64-fedora-clang, r-devel-linux-x86_64-fedora-gcc, r-devel-windows-x86_64, r-patched-linux-x86_64, r-release-linux-x86_64, r-release-macos-arm64, r-release-macos-x86_64, r-release-windows-x86_64, r-oldrel-macos-arm64, r-oldrel-macos-x86_64, r-oldrel-windows-x86_64