Last updated on 2024-06-17 06:50:23 CEST.
Flavor | Version | Tinstall | Tcheck | Ttotal | Status | Flags |
---|---|---|---|---|---|---|
r-devel-linux-x86_64-debian-clang | 1.1 | 28.10 | 157.22 | 185.32 | NOTE | |
r-devel-linux-x86_64-debian-gcc | 1.1 | 22.40 | 113.11 | 135.51 | NOTE | |
r-devel-linux-x86_64-fedora-clang | 1.1 | 231.40 | NOTE | |||
r-devel-linux-x86_64-fedora-gcc | 1.1 | 258.19 | NOTE | |||
r-devel-windows-x86_64 | 1.1 | 23.00 | 131.00 | 154.00 | NOTE | |
r-patched-linux-x86_64 | 1.1 | 31.63 | 149.46 | 181.09 | NOTE | |
r-release-linux-x86_64 | 1.1 | 24.96 | 151.11 | 176.07 | NOTE | |
r-release-macos-arm64 | 1.1 | 85.00 | NOTE | |||
r-release-macos-x86_64 | 1.1 | 128.00 | NOTE | |||
r-release-windows-x86_64 | 1.1 | 24.00 | 131.00 | 155.00 | NOTE | |
r-oldrel-macos-arm64 | 1.1 | 95.00 | OK | |||
r-oldrel-macos-x86_64 | 1.1 | 150.00 | OK | |||
r-oldrel-windows-x86_64 | 1.1 | 31.00 | 163.00 | 194.00 | OK |
Version: 1.1
Check: Rd files
Result: NOTE
checkRd: (-1) rdata.frame.Rd:132: Lost braces in \enumerate; \value handles \item{}{} directly
checkRd: (-1) rdata.frame.Rd:133-134: Lost braces in \enumerate; \value handles \item{}{} directly
checkRd: (-1) rdata.frame.Rd:135-137: Lost braces in \enumerate; \value handles \item{}{} directly
checkRd: (-1) rdata.frame.Rd:138-139: Lost braces in \enumerate; \value handles \item{}{} directly
checkRd: (-1) rdata.frame.Rd:144: Lost braces in \enumerate; \value handles \item{}{} directly
checkRd: (-1) rdata.frame.Rd:145-147: Lost braces in \enumerate; \value handles \item{}{} directly
checkRd: (-1) rdata.frame.Rd:148-150: Lost braces in \enumerate; \value handles \item{}{} directly
Flavors: r-devel-linux-x86_64-debian-clang, r-devel-linux-x86_64-debian-gcc, r-devel-linux-x86_64-fedora-clang, r-devel-linux-x86_64-fedora-gcc, r-devel-windows-x86_64, r-patched-linux-x86_64, r-release-linux-x86_64, r-release-macos-arm64, r-release-macos-x86_64, r-release-windows-x86_64