Last updated on 2025-07-22 06:49:28 CEST.
Flavor | Version | Tinstall | Tcheck | Ttotal | Status | Flags |
---|---|---|---|---|---|---|
r-devel-linux-x86_64-debian-clang | 1.1 | 9.65 | 80.11 | 89.76 | NOTE | |
r-devel-linux-x86_64-debian-gcc | 1.1 | 6.01 | 59.21 | 65.22 | NOTE | |
r-devel-linux-x86_64-fedora-clang | 1.1 | 135.60 | OK | |||
r-devel-linux-x86_64-fedora-gcc | 1.1 | 135.01 | OK | |||
r-devel-windows-x86_64 | 1.1 | 9.00 | 89.00 | 98.00 | OK | |
r-patched-linux-x86_64 | 1.1 | 7.55 | 76.34 | 83.89 | OK | |
r-release-linux-x86_64 | 1.1 | 8.99 | 76.46 | 85.45 | OK | |
r-release-macos-arm64 | 1.1 | 42.00 | OK | |||
r-release-macos-x86_64 | 1.1 | 92.00 | OK | |||
r-release-windows-x86_64 | 1.1 | 8.00 | 93.00 | 101.00 | OK | |
r-oldrel-macos-arm64 | 1.1 | 39.00 | OK | |||
r-oldrel-macos-x86_64 | 1.1 | 69.00 | OK | |||
r-oldrel-windows-x86_64 | 1.1 | 13.00 | 113.00 | 126.00 | OK |
Version: 1.1
Check: CRAN incoming feasibility
Result: NOTE
Maintainer: ‘Aurelie Bertrand <aurelie.bertrand@uclouvain.be>’
No Authors@R field in DESCRIPTION.
Please add one, modifying
Authors@R: c(person(given = "Aurelie",
family = "Bertrand",
role = c("aut", "cre"),
email = "aurelie.bertrand@uclouvain.be"),
person(given = "Catherine",
family = "Legrand",
role = "aut"),
person(given = "Ingrid",
family = "Van Keilegom",
role = "aut"))
as necessary.
Flavors: r-devel-linux-x86_64-debian-clang, r-devel-linux-x86_64-debian-gcc