CRAN Package Check Results for Package midastouch

Last updated on 2025-05-04 03:50:58 CEST.

Flavor Version Tinstall Tcheck Ttotal Status Flags
r-devel-linux-x86_64-debian-clang 1.3 1.62 21.11 22.73 NOTE
r-devel-linux-x86_64-debian-gcc 1.3 1.36 17.10 18.46 NOTE
r-devel-linux-x86_64-fedora-clang 1.3 35.91 OK
r-devel-linux-x86_64-fedora-gcc 1.3 34.99 OK
r-devel-windows-x86_64 1.3 3.00 41.00 44.00 OK
r-patched-linux-x86_64 1.3 1.70 20.63 22.33 OK
r-release-linux-x86_64 OK
r-release-macos-arm64 1.3 19.00 OK
r-release-macos-x86_64 1.3 30.00 OK
r-release-windows-x86_64 1.3 2.00 41.00 43.00 OK
r-oldrel-macos-arm64 1.3 16.00 NOTE
r-oldrel-macos-x86_64 1.3 26.00 NOTE
r-oldrel-windows-x86_64 1.3 4.00 46.00 50.00 NOTE

Check Details

Version: 1.3
Check: CRAN incoming feasibility
Result: NOTE Maintainer: ‘Philipp Gaffert <philipp.gaffert@web.de>’ Package CITATION file contains call(s) to old-style personList() or as.personList(). Please use c() on person objects instead. Package CITATION file contains call(s) to old-style citEntry(). Please use bibentry() instead. Flavors: r-devel-linux-x86_64-debian-clang, r-devel-linux-x86_64-debian-gcc

Version: 1.3
Check: LazyData
Result: NOTE 'LazyData' is specified without a 'data' directory Flavors: r-oldrel-macos-arm64, r-oldrel-macos-x86_64, r-oldrel-windows-x86_64