CRAN Package Check Results for Package minimalRSD

Last updated on 2025-05-07 06:49:54 CEST.

Flavor Version Tinstall Tcheck Ttotal Status Flags
r-devel-linux-x86_64-debian-clang 1.0.0 1.80 17.01 18.81 NOTE
r-devel-linux-x86_64-debian-gcc 1.0.0 1.35 14.27 15.62 NOTE
r-devel-linux-x86_64-fedora-clang 1.0.0 29.42 NOTE
r-devel-linux-x86_64-fedora-gcc 1.0.0 28.07 NOTE
r-devel-windows-x86_64 1.0.0 2.00 39.00 41.00 OK
r-patched-linux-x86_64 1.0.0 1.65 16.38 18.03 OK
r-release-linux-x86_64 1.0.0 1.76 16.51 18.27 OK
r-release-macos-arm64 1.0.0 14.00 OK
r-release-macos-x86_64 1.0.0 23.00 OK
r-release-windows-x86_64 1.0.0 4.00 42.00 46.00 OK
r-oldrel-macos-arm64 1.0.0 14.00 NOTE
r-oldrel-macos-x86_64 1.0.0 20.00 NOTE
r-oldrel-windows-x86_64 1.0.0 3.00 38.00 41.00 NOTE

Check Details

Version: 1.0.0
Check: CRAN incoming feasibility
Result: NOTE Maintainer: ‘Shwetank Lall <shwetanklall@gmail.com>’ Package CITATION file contains call(s) to old-style personList() or as.personList(). Please use c() on person objects instead. Package CITATION file contains call(s) to old-style citEntry(). Please use bibentry() instead. Flavors: r-devel-linux-x86_64-debian-clang, r-devel-linux-x86_64-debian-gcc

Version: 1.0.0
Check: dependencies in R code
Result: NOTE Namespace in Imports field not imported from: ‘stats’ All declared Imports should be used. Flavors: r-devel-linux-x86_64-fedora-clang, r-devel-linux-x86_64-fedora-gcc

Version: 1.0.0
Check: LazyData
Result: NOTE 'LazyData' is specified without a 'data' directory Flavors: r-oldrel-macos-arm64, r-oldrel-macos-x86_64, r-oldrel-windows-x86_64