Last updated on 2025-07-28 12:50:09 CEST.
Flavor | Version | Tinstall | Tcheck | Ttotal | Status | Flags |
---|---|---|---|---|---|---|
r-devel-linux-x86_64-debian-clang | 1.2.8 | 14.83 | 26.19 | 41.02 | OK | |
r-devel-linux-x86_64-debian-gcc | 1.2.8 | 11.65 | 21.87 | 33.52 | OK | |
r-devel-linux-x86_64-fedora-clang | 1.2.8 | 67.97 | OK | |||
r-devel-linux-x86_64-fedora-gcc | 1.2.8 | 70.72 | OK | |||
r-devel-windows-x86_64 | 1.2.8 | 30.00 | 81.00 | 111.00 | OK | |
r-patched-linux-x86_64 | 1.2.8 | 15.60 | 25.11 | 40.71 | OK | |
r-release-linux-x86_64 | 1.2.8 | 15.88 | 24.94 | 40.82 | OK | |
r-release-macos-arm64 | 1.2.8 | 29.00 | NOTE | |||
r-release-macos-x86_64 | 1.2.8 | 58.00 | NOTE | |||
r-release-windows-x86_64 | 1.2.8 | 30.00 | 65.00 | 95.00 | OK | |
r-oldrel-macos-arm64 | 1.2.8 | 30.00 | OK | |||
r-oldrel-macos-x86_64 | 1.2.8 | 91.00 | OK | |||
r-oldrel-windows-x86_64 | 1.2.8 | 31.00 | 89.00 | 120.00 | OK |
Version: 1.2.8
Check: compiled code
Result: NOTE
File ‘minqa/libs/minqa.so’:
Found non-API call to R: ‘CLOENV’
Compiled code should not call non-API entry points in R.
See ‘Writing portable packages’ in the ‘Writing R Extensions’ manual,
and section ‘Moving into C API compliance’ for issues with the use of
non-API entry points.
Flavors: r-release-macos-arm64, r-release-macos-x86_64