CRAN Package Check Results for Package mixbox

Last updated on 2025-05-07 06:49:54 CEST.

Flavor Version Tinstall Tcheck Ttotal Status Flags
r-devel-linux-x86_64-debian-clang 1.2.3 6.40 38.55 44.95 NOTE
r-devel-linux-x86_64-debian-gcc 1.2.3 4.17 27.64 31.81 NOTE
r-devel-linux-x86_64-fedora-clang 1.2.3 70.95 OK
r-devel-linux-x86_64-fedora-gcc 1.2.3 71.15 OK
r-devel-windows-x86_64 1.2.3 7.00 57.00 64.00 OK
r-patched-linux-x86_64 1.2.3 6.86 36.93 43.79 OK
r-release-linux-x86_64 1.2.3 5.38 37.06 42.44 OK
r-release-macos-arm64 1.2.3 25.00 OK
r-release-macos-x86_64 1.2.3 60.00 OK
r-release-windows-x86_64 1.2.3 7.00 58.00 65.00 OK
r-oldrel-macos-arm64 1.2.3 22.00 OK
r-oldrel-macos-x86_64 1.2.3 52.00 OK
r-oldrel-windows-x86_64 1.2.3 7.00 66.00 73.00 OK

Check Details

Version: 1.2.3
Check: CRAN incoming feasibility
Result: NOTE Maintainer: ‘Mahdi Teimouri <teimouri@aut.ac.ir>’ No Authors@R field in DESCRIPTION. Please add one, modifying Authors@R: person(given = "Mahdi", family = "Teimouri", role = c("aut", "cre", "cph", "ctb"), email = "teimouri@aut.ac.ir", comment = c(ORCID = "0000-0002-5371-9364")) as necessary. Flavors: r-devel-linux-x86_64-debian-clang, r-devel-linux-x86_64-debian-gcc