Last updated on 2025-07-24 12:51:30 CEST.
Flavor | Version | Tinstall | Tcheck | Ttotal | Status | Flags |
---|---|---|---|---|---|---|
r-devel-linux-x86_64-debian-clang | 1.2.7.1 | 8.47 | 39.62 | 48.09 | NOTE | |
r-devel-linux-x86_64-debian-gcc | 1.2.7.1 | 5.19 | 28.99 | 34.18 | NOTE | |
r-devel-linux-x86_64-fedora-clang | 1.2.7.1 | 75.52 | NOTE | |||
r-devel-linux-x86_64-fedora-gcc | 1.2.7.1 | 71.38 | NOTE | |||
r-devel-windows-x86_64 | 1.2.7.1 | 11.00 | 61.00 | 72.00 | NOTE | |
r-patched-linux-x86_64 | 1.2.7.1 | 7.48 | 37.58 | 45.06 | NOTE | |
r-release-linux-x86_64 | 1.2.7.1 | 6.01 | 38.03 | 44.04 | NOTE | |
r-release-macos-arm64 | 1.2.7.1 | 30.00 | NOTE | |||
r-release-macos-x86_64 | 1.2.7.1 | 51.00 | NOTE | |||
r-release-windows-x86_64 | 1.2.7.1 | 13.00 | 66.00 | 79.00 | NOTE | |
r-oldrel-macos-arm64 | 1.2.7.1 | 25.00 | NOTE | |||
r-oldrel-macos-x86_64 | 1.2.7.1 | 47.00 | NOTE | |||
r-oldrel-windows-x86_64 | 1.2.7.1 | 13.00 | 70.00 | 83.00 | NOTE |
Version: 1.2.7.1
Check: Rd files
Result: NOTE
checkRd: (-1) SLD.Rd:20: Escaped LaTeX specials: \&
Flavors: r-devel-linux-x86_64-debian-clang, r-devel-linux-x86_64-debian-gcc, r-devel-linux-x86_64-fedora-clang, r-devel-linux-x86_64-fedora-gcc, r-devel-windows-x86_64, r-patched-linux-x86_64, r-release-linux-x86_64, r-release-macos-arm64, r-release-macos-x86_64, r-release-windows-x86_64, r-oldrel-macos-arm64, r-oldrel-macos-x86_64, r-oldrel-windows-x86_64