Last updated on 2025-05-03 12:54:47 CEST.
Flavor | Version | Tinstall | Tcheck | Ttotal | Status | Flags |
---|---|---|---|---|---|---|
r-devel-linux-x86_64-debian-clang | 0.4.3 | 7.44 | 69.42 | 76.86 | NOTE | |
r-devel-linux-x86_64-debian-gcc | 0.4.3 | 5.27 | 52.97 | 58.24 | NOTE | |
r-devel-linux-x86_64-fedora-clang | 0.4.3 | 118.69 | NOTE | |||
r-devel-linux-x86_64-fedora-gcc | 0.4.3 | 123.05 | NOTE | |||
r-devel-windows-x86_64 | 0.4.3 | 10.00 | 100.00 | 110.00 | NOTE | |
r-patched-linux-x86_64 | 0.4.3 | 7.70 | 65.41 | 73.11 | NOTE | |
r-release-linux-x86_64 | NOTE | |||||
r-release-macos-arm64 | 0.4.3 | 58.00 | NOTE | |||
r-release-macos-x86_64 | 0.4.3 | 149.00 | NOTE | |||
r-release-windows-x86_64 | 0.4.3 | 10.00 | 96.00 | 106.00 | NOTE | |
r-oldrel-macos-arm64 | 0.4.3 | 43.00 | NOTE | |||
r-oldrel-macos-x86_64 | 0.4.3 | 97.00 | NOTE | |||
r-oldrel-windows-x86_64 | 0.4.3 | 12.00 | 118.00 | 130.00 | NOTE |
Version: 0.4.3
Check: CRAN incoming feasibility
Result: NOTE
Maintainer: ‘David Charte <fdavidcl@ugr.es>’
Package CITATION file contains call(s) to old-style citEntry(). Please
use bibentry() instead.
Flavors: r-devel-linux-x86_64-debian-clang, r-devel-linux-x86_64-debian-gcc
Version: 0.4.3
Check: Rd files
Result: NOTE
checkRd: (-1) mldrGUI.Rd:22-25: Lost braces in \itemize; meant \describe ?
checkRd: (-1) mldrGUI.Rd:26-28: Lost braces in \itemize; meant \describe ?
checkRd: (-1) mldrGUI.Rd:29: Lost braces in \itemize; meant \describe ?
checkRd: (-1) mldrGUI.Rd:30-31: Lost braces in \itemize; meant \describe ?
checkRd: (-1) mldrGUI.Rd:32-34: Lost braces in \itemize; meant \describe ?
Flavors: r-devel-linux-x86_64-debian-clang, r-devel-linux-x86_64-debian-gcc, r-devel-linux-x86_64-fedora-clang, r-devel-linux-x86_64-fedora-gcc, r-devel-windows-x86_64, r-patched-linux-x86_64, r-release-linux-x86_64, r-release-macos-arm64, r-release-macos-x86_64, r-release-windows-x86_64, r-oldrel-macos-arm64, r-oldrel-macos-x86_64, r-oldrel-windows-x86_64