CRAN Package Check Results for Package mlmm.gwas

Last updated on 2025-05-03 21:51:24 CEST.

Flavor Version Tinstall Tcheck Ttotal Status Flags
r-devel-linux-x86_64-debian-clang 1.0.6 4.00 61.25 65.25 NOTE
r-devel-linux-x86_64-debian-gcc 1.0.6 2.54 45.59 48.13 NOTE
r-devel-linux-x86_64-fedora-clang 1.0.6 102.75 OK
r-devel-linux-x86_64-fedora-gcc 1.0.6 114.04 OK
r-devel-windows-x86_64 1.0.6 5.00 80.00 85.00 OK
r-patched-linux-x86_64 1.0.6 4.15 58.78 62.93 OK
r-release-linux-x86_64 OK
r-release-macos-arm64 1.0.6 46.00 OK
r-release-macos-x86_64 1.0.6 86.00 OK
r-release-windows-x86_64 1.0.6 5.00 82.00 87.00 OK
r-oldrel-macos-arm64 1.0.6 39.00 OK
r-oldrel-macos-x86_64 1.0.6 58.00 OK
r-oldrel-windows-x86_64 1.0.6 7.00 99.00 106.00 OK

Check Details

Version: 1.0.6
Check: CRAN incoming feasibility
Result: NOTE Maintainer: ‘Clement Mabire <clement.mabire@inra.fr>’ No Authors@R field in DESCRIPTION. Please add one, modifying Authors@R: c(person(given = "Fanny", family = "Bonnafous", role = "aut"), person(given = "Alexandra", family = "Duhnen", role = "aut"), person(given = "Louise", family = "Gody", role = "aut"), person(given = "Olivier", family = "Guillaume", role = c("aut", "cre")), person(given = "Brigitte", family = "Mangin", role = "aut"), person(given = "Prune", family = "Pegot-Espagnet", role = "aut"), person(given = "Vincent", family = "Segura", role = "aut"), person(given = c("Bjarni", "J."), family = "Vilhjalmsson", role = "aut"), person(given = "Clement", family = "Mabire", role = c("aut", "cre"), email = "clement.mabire@inra.fr"), person(given = "Timothee", family = "Flutre", role = "aut")) as necessary. Found the following URLs which should use \doi (with the DOI name only): File ‘mlmm.gwas.Rd’: https://doi.org/10.1007/s00122-017-3003-4 https://doi.org/10.1038/ng.2314 Flavors: r-devel-linux-x86_64-debian-clang, r-devel-linux-x86_64-debian-gcc