Last updated on 2025-05-03 12:54:47 CEST.
Flavor | Version | Tinstall | Tcheck | Ttotal | Status | Flags |
---|---|---|---|---|---|---|
r-devel-linux-x86_64-debian-clang | 0.5.0 | 2.03 | 20.13 | 22.16 | OK | |
r-devel-linux-x86_64-debian-gcc | 0.5.0 | 1.52 | 16.78 | 18.30 | OK | |
r-devel-linux-x86_64-fedora-clang | 0.5.0 | 35.44 | NOTE | |||
r-devel-linux-x86_64-fedora-gcc | 0.5.0 | 30.72 | NOTE | |||
r-devel-windows-x86_64 | 0.5.0 | 4.00 | 41.00 | 45.00 | OK | |
r-patched-linux-x86_64 | 0.5.0 | 1.92 | 18.62 | 20.54 | OK | |
r-release-linux-x86_64 | OK | |||||
r-release-macos-arm64 | 0.5.0 | 17.00 | OK | |||
r-release-macos-x86_64 | 0.5.0 | 25.00 | OK | |||
r-release-windows-x86_64 | 0.5.0 | 4.00 | 41.00 | 45.00 | OK | |
r-oldrel-macos-arm64 | 0.5.0 | 23.00 | OK | |||
r-oldrel-macos-x86_64 | 0.5.0 | 29.00 | OK | |||
r-oldrel-windows-x86_64 | 0.5.0 | 4.00 | 47.00 | 51.00 | OK |
Version: 0.5.0
Check: dependencies in R code
Result: NOTE
Namespaces in Imports field not imported from:
‘DT’ ‘GGally’ ‘Metrics’ ‘data.table’ ‘dplyr’ ‘ggparty’ ‘mlr3’
‘mlr3learners’ ‘mlr3measures’ ‘mlr3pipelines’ ‘mlr3viz’ ‘patchwork’
‘plyr’ ‘purrr’ ‘shinyWidgets’ ‘shinyalert’ ‘shinydashboard’ ‘shinyjs’
‘stats’ ‘stringr’
All declared Imports should be used.
Flavors: r-devel-linux-x86_64-fedora-clang, r-devel-linux-x86_64-fedora-gcc