Last updated on 2025-05-06 06:50:00 CEST.
Flavor | Version | Tinstall | Tcheck | Ttotal | Status | Flags |
---|---|---|---|---|---|---|
r-devel-linux-x86_64-debian-clang | 0.0.3 | 5.83 | 51.31 | 57.14 | NOTE | |
r-devel-linux-x86_64-debian-gcc | 0.0.3 | 5.08 | 38.85 | 43.93 | NOTE | |
r-devel-linux-x86_64-fedora-clang | 0.0.3 | 88.98 | OK | |||
r-devel-linux-x86_64-fedora-gcc | 0.0.3 | 88.73 | OK | |||
r-devel-windows-x86_64 | 0.0.3 | 7.00 | 62.00 | 69.00 | OK | |
r-patched-linux-x86_64 | 0.0.3 | 6.27 | 49.20 | 55.47 | OK | |
r-release-linux-x86_64 | 0.0.3 | 6.53 | 49.28 | 55.81 | OK | |
r-release-macos-arm64 | 0.0.3 | 36.00 | OK | |||
r-release-macos-x86_64 | 0.0.3 | 57.00 | OK | |||
r-release-windows-x86_64 | 0.0.3 | 7.00 | 64.00 | 71.00 | OK | |
r-oldrel-macos-arm64 | 0.0.3 | 32.00 | OK | |||
r-oldrel-macos-x86_64 | 0.0.3 | 47.00 | OK | |||
r-oldrel-windows-x86_64 | 0.0.3 | 10.00 | 77.00 | 87.00 | OK |
Version: 0.0.3
Check: CRAN incoming feasibility
Result: NOTE
Maintainer: ‘Jaejoon Song <jjsong2@mdanderson.org>’
No Authors@R field in DESCRIPTION.
Please add one, modifying
Authors@R: person(given = "Jaejoon",
family = "Song",
role = c("aut", "cre"),
email = "jjsong2@mdanderson.org")
as necessary.
Flavors: r-devel-linux-x86_64-debian-clang, r-devel-linux-x86_64-debian-gcc