Last updated on 2025-05-06 06:50:00 CEST.
Flavor | Version | Tinstall | Tcheck | Ttotal | Status | Flags |
---|---|---|---|---|---|---|
r-devel-linux-x86_64-debian-clang | 1.3 | 4.03 | 51.04 | 55.07 | NOTE | |
r-devel-linux-x86_64-debian-gcc | 1.3 | 2.83 | 33.98 | 36.81 | NOTE | |
r-devel-linux-x86_64-fedora-clang | 1.3 | 85.99 | OK | |||
r-devel-linux-x86_64-fedora-gcc | 1.3 | 83.25 | OK | |||
r-devel-windows-x86_64 | 1.3 | 5.00 | 78.00 | 83.00 | OK | |
r-patched-linux-x86_64 | 1.3 | 5.18 | 47.45 | 52.63 | OK | |
r-release-linux-x86_64 | 1.3 | 4.15 | 46.80 | 50.95 | OK | |
r-release-macos-arm64 | 1.3 | 26.00 | OK | |||
r-release-macos-x86_64 | 1.3 | 62.00 | OK | |||
r-release-windows-x86_64 | 1.3 | 5.00 | 71.00 | 76.00 | OK | |
r-oldrel-macos-arm64 | 1.3 | 24.00 | OK | |||
r-oldrel-macos-x86_64 | 1.3 | 56.00 | OK | |||
r-oldrel-windows-x86_64 | 1.3 | 5.00 | 84.00 | 89.00 | OK |
Version: 1.3
Check: CRAN incoming feasibility
Result: NOTE
Maintainer: ‘Bruno Ebner <bruno.ebner@kit.edu>’
The Description field contains
(2020) <arXiv:2004.07332> titled "Tests for multivariate normality -- a
Please refer to arXiv e-prints via their arXiv DOI <doi:10.48550/arXiv.YYMM.NNNNN>.
Found the following URLs which should use \doi (with the DOI name only):
File ‘BHEP.Rd’:
https://doi.org/10.1006/jmva.1997.1684
https://doi.org/10.1093/biomet/70.3.723
File ‘HJG.Rd’:
https://doi.org/10.1007/s11749-018-0589-z
File ‘HJM.Rd’:
https://doi.org/10.1017/S0266466618000154
File ‘HV.Rd’:
https://doi.org/10.1007/s10463-019-00720-8
File ‘HZ.Rd’:
https://doi.org/10.1080/03610929008830400
File ‘MQ1.Rd’:
https://doi.org/10.1007/BF02595825
File ‘MQ2.Rd’:
https://doi.org/10.1007/BF02595825
File ‘SR.Rd’:
https://doi.org/10.1016/j.jmva.2003.12.002
File ‘test.BHEP.Rd’:
https://doi.org/10.1006/jmva.1997.1684
File ‘test.HJG.Rd’:
https://doi.org/10.1007/s11749-018-0589-z
File ‘test.HJM.Rd’:
https://doi.org/10.1017/S0266466618000154
File ‘test.HV.Rd’:
https://doi.org/10.1007/s10463-019-00720-8
File ‘test.HZ.Rd’:
https://doi.org/10.1080/03610929008830400
File ‘test.MQ1.Rd’:
https://doi.org/10.1007/BF02595825
File ‘test.MQ2.Rd’:
https://doi.org/10.1007/BF02595825
File ‘test.SR.Rd’:
https://doi.org/10.1016/j.jmva.2003.12.002
Flavors: r-devel-linux-x86_64-debian-clang, r-devel-linux-x86_64-debian-gcc