Last updated on 2025-05-03 21:51:24 CEST.
Flavor | Version | Tinstall | Tcheck | Ttotal | Status | Flags |
---|---|---|---|---|---|---|
r-devel-linux-x86_64-debian-clang | 0.2.1 | 1.97 | 36.24 | 38.21 | NOTE | |
r-devel-linux-x86_64-debian-gcc | 0.2.1 | 1.67 | 26.66 | 28.33 | NOTE | |
r-devel-linux-x86_64-fedora-clang | 0.2.1 | 60.29 | NOTE | |||
r-devel-linux-x86_64-fedora-gcc | 0.2.1 | 72.05 | NOTE | |||
r-devel-windows-x86_64 | 0.2.1 | 3.00 | 54.00 | 57.00 | NOTE | |
r-patched-linux-x86_64 | 0.2.1 | 2.16 | 33.30 | 35.46 | NOTE | |
r-release-linux-x86_64 | NOTE | |||||
r-release-macos-arm64 | 0.2.1 | 29.00 | NOTE | |||
r-release-macos-x86_64 | 0.2.1 | 63.00 | NOTE | |||
r-release-windows-x86_64 | 0.2.1 | 3.00 | 54.00 | 57.00 | NOTE | |
r-oldrel-macos-arm64 | 0.2.1 | 26.00 | NOTE | |||
r-oldrel-macos-x86_64 | 0.2.1 | 44.00 | NOTE | |||
r-oldrel-windows-x86_64 | 0.2.1 | 3.00 | 70.00 | 73.00 | NOTE |
Version: 0.2.1
Check: CRAN incoming feasibility
Result: NOTE
Maintainer: ‘Brett Mullins <brettcmullins@gmail.com>’
No Authors@R field in DESCRIPTION.
Please add one, modifying
Authors@R: c(person(given = "Brett",
family = "Mullins",
role = c("aut", "cre"),
email = "brettcmullins@gmail.com"),
person(given = "Trevor",
family = "Harkreader",
role = "aut"))
as necessary.
Flavors: r-devel-linux-x86_64-debian-clang, r-devel-linux-x86_64-debian-gcc
Version: 0.2.1
Check: package subdirectories
Result: NOTE
Problems with news in ‘NEWS.md’:
No news entries found.
Flavors: r-devel-linux-x86_64-debian-clang, r-devel-linux-x86_64-debian-gcc, r-devel-linux-x86_64-fedora-clang, r-devel-linux-x86_64-fedora-gcc, r-devel-windows-x86_64, r-patched-linux-x86_64, r-release-linux-x86_64, r-release-macos-arm64, r-release-macos-x86_64, r-release-windows-x86_64, r-oldrel-macos-arm64, r-oldrel-macos-x86_64, r-oldrel-windows-x86_64