CRAN Package Check Results for Package modelimpact

Last updated on 2025-10-08 21:51:12 CEST.

Flavor Version Tinstall Tcheck Ttotal Status Flags
r-devel-linux-x86_64-debian-clang 1.0.0 1.78 23.70 25.48 NOTE
r-devel-linux-x86_64-debian-gcc 1.0.0 1.36 19.32 20.68 NOTE
r-devel-linux-x86_64-fedora-clang 1.0.0 35.95 NOTE
r-devel-linux-x86_64-fedora-gcc 1.0.0 34.32 NOTE
r-devel-windows-x86_64 1.0.0 4.00 43.00 47.00 OK
r-patched-linux-x86_64 1.0.0 1.86 21.08 22.94 OK
r-release-linux-x86_64 1.0.0 1.78 20.99 22.77 OK
r-release-macos-arm64 1.0.0 16.00 OK
r-release-macos-x86_64 1.0.0 25.00 OK
r-release-windows-x86_64 1.0.0 4.00 42.00 46.00 OK
r-oldrel-macos-arm64 1.0.0 15.00 OK
r-oldrel-macos-x86_64 1.0.0 22.00 OK
r-oldrel-windows-x86_64 1.0.0 4.00 47.00 51.00 OK

Check Details

Version: 1.0.0
Check: CRAN incoming feasibility
Result: NOTE Maintainer: ‘Peer Christensen <hr.pchristensen@gmail.com>’ No Authors@R field in DESCRIPTION. Please add one, modifying Authors@R: person(given = "Peer", family = "Christensen", role = c("aut", "cre"), email = "hr.pchristensen@gmail.com") as necessary. Flavors: r-devel-linux-x86_64-debian-clang, r-devel-linux-x86_64-debian-gcc

Version: 1.0.0
Check: dependencies in R code
Result: NOTE Namespace in Imports field not imported from: ‘utils’ All declared Imports should be used. Flavors: r-devel-linux-x86_64-fedora-clang, r-devel-linux-x86_64-fedora-gcc