Last updated on 2025-05-03 21:51:24 CEST.
Flavor | Version | Tinstall | Tcheck | Ttotal | Status | Flags |
---|---|---|---|---|---|---|
r-devel-linux-x86_64-debian-clang | 0.3-1 | 3.66 | 35.01 | 38.67 | NOTE | |
r-devel-linux-x86_64-debian-gcc | 0.3-1 | 2.59 | 27.20 | 29.79 | NOTE | |
r-devel-linux-x86_64-fedora-clang | 0.3-1 | 60.10 | OK | |||
r-devel-linux-x86_64-fedora-gcc | 0.3-1 | 72.70 | OK | |||
r-devel-windows-x86_64 | 0.3-1 | 6.00 | 55.00 | 61.00 | OK | |
r-patched-linux-x86_64 | 0.3-1 | 2.53 | 33.54 | 36.07 | OK | |
r-release-linux-x86_64 | OK | |||||
r-release-macos-arm64 | 0.3-1 | 28.00 | OK | |||
r-release-macos-x86_64 | 0.3-1 | 50.00 | OK | |||
r-release-windows-x86_64 | 0.3-1 | 5.00 | 54.00 | 59.00 | OK | |
r-oldrel-macos-arm64 | 0.3-1 | 27.00 | OK | |||
r-oldrel-macos-x86_64 | 0.3-1 | 49.00 | OK | |||
r-oldrel-windows-x86_64 | 0.3-1 | 6.00 | 69.00 | 75.00 | OK |
Version: 0.3-1
Check: CRAN incoming feasibility
Result: NOTE
Maintainer: ‘Philip Pallmann <pallmannp@cardiff.ac.uk>’
Package CITATION file contains call(s) to old-style personList() or
as.personList(). Please use c() on person objects instead.
Package CITATION file contains call(s) to old-style citEntry(). Please
use bibentry() instead.
Flavors: r-devel-linux-x86_64-debian-clang, r-devel-linux-x86_64-debian-gcc