Last updated on 2025-05-03 21:51:24 CEST.
Flavor | Version | Tinstall | Tcheck | Ttotal | Status | Flags |
---|---|---|---|---|---|---|
r-devel-linux-x86_64-debian-clang | 1.0.0 | 6.22 | 55.23 | 61.45 | NOTE | |
r-devel-linux-x86_64-debian-gcc | 1.0.0 | 3.85 | 41.46 | 45.31 | NOTE | |
r-devel-linux-x86_64-fedora-clang | 1.0.0 | 86.44 | OK | |||
r-devel-linux-x86_64-fedora-gcc | 1.0.0 | 105.22 | OK | |||
r-devel-windows-x86_64 | 1.0.0 | 8.00 | 77.00 | 85.00 | OK | |
r-patched-linux-x86_64 | 1.0.0 | 5.95 | 51.03 | 56.98 | OK | |
r-release-linux-x86_64 | OK | |||||
r-release-macos-arm64 | 1.0.0 | 36.00 | OK | |||
r-release-macos-x86_64 | 1.0.0 | 59.00 | OK | |||
r-release-windows-x86_64 | 1.0.0 | 8.00 | 69.00 | 77.00 | OK | |
r-oldrel-macos-arm64 | 1.0.0 | 34.00 | OK | |||
r-oldrel-macos-x86_64 | 1.0.0 | 50.00 | OK | |||
r-oldrel-windows-x86_64 | 1.0.0 | 11.00 | 87.00 | 98.00 | OK |
Version: 1.0.0
Check: CRAN incoming feasibility
Result: NOTE
Maintainer: ‘Andrew Tweedell <atweedell315@gmail.com>’
Found the following \keyword or \concept entries
which likely give several index terms:
File ‘bin.Rd’:
\keyword{bin,}
\keyword{group,}
\keyword{potentials,}
\keyword{unit,}
File ‘cumsum_mu_synch.Rd’:
\keyword{recurrence,}
\keyword{synchronization,}
\keyword{unit,}
File ‘mu_synch.Rd’:
\keyword{Zscore,}
\keyword{recurrence,}
\keyword{sigmax,}
\keyword{synchronization,}
\keyword{unit,}
\keyword{visual,}
File ‘plot_bins.Rd’:
\keyword{bin,}
\keyword{plot,}
\keyword{trains,}
\keyword{unit,}
File ‘recurrence_intervals.Rd’:
\keyword{potentials,}
\keyword{recurrence,}
\keyword{unit,}
File ‘visual_mu_synch.Rd’:
\keyword{recurrence,}
\keyword{synchronization,}
\keyword{unit,}
File ‘zscore_mu_synch.Rd’:
\keyword{recurrence,}
\keyword{synchronization,}
\keyword{unit,}
Flavors: r-devel-linux-x86_64-debian-clang, r-devel-linux-x86_64-debian-gcc