Last updated on 2025-07-25 21:49:47 CEST.
Flavor | Version | Tinstall | Tcheck | Ttotal | Status | Flags |
---|---|---|---|---|---|---|
r-devel-linux-x86_64-debian-clang | 1.0.0 | 5.60 | 57.33 | 62.93 | NOTE | |
r-devel-linux-x86_64-debian-gcc | 1.0.0 | 5.23 | 40.98 | 46.21 | NOTE | |
r-devel-linux-x86_64-fedora-clang | 1.0.0 | 96.52 | OK | |||
r-devel-linux-x86_64-fedora-gcc | 1.0.0 | 106.36 | OK | |||
r-devel-windows-x86_64 | 1.0.0 | 9.00 | 75.00 | 84.00 | OK | |
r-patched-linux-x86_64 | 1.0.0 | 5.57 | 50.83 | 56.40 | OK | |
r-release-linux-x86_64 | 1.0.0 | 5.86 | 50.58 | 56.44 | OK | |
r-release-macos-arm64 | 1.0.0 | 36.00 | OK | |||
r-release-macos-x86_64 | 1.0.0 | 59.00 | OK | |||
r-release-windows-x86_64 | 1.0.0 | 9.00 | 71.00 | 80.00 | OK | |
r-oldrel-macos-arm64 | 1.0.0 | 34.00 | OK | |||
r-oldrel-macos-x86_64 | 1.0.0 | 50.00 | OK | |||
r-oldrel-windows-x86_64 | 1.0.0 | 11.00 | 83.00 | 94.00 | OK |
Version: 1.0.0
Check: CRAN incoming feasibility
Result: NOTE
Maintainer: ‘Andrew Tweedell <atweedell315@gmail.com>’
Found the following \keyword or \concept entries
which likely give several index terms:
File ‘bin.Rd’:
\keyword{bin,}
\keyword{group,}
\keyword{potentials,}
\keyword{unit,}
File ‘cumsum_mu_synch.Rd’:
\keyword{recurrence,}
\keyword{synchronization,}
\keyword{unit,}
File ‘mu_synch.Rd’:
\keyword{Zscore,}
\keyword{recurrence,}
\keyword{sigmax,}
\keyword{synchronization,}
\keyword{unit,}
\keyword{visual,}
File ‘plot_bins.Rd’:
\keyword{bin,}
\keyword{plot,}
\keyword{trains,}
\keyword{unit,}
File ‘recurrence_intervals.Rd’:
\keyword{potentials,}
\keyword{recurrence,}
\keyword{unit,}
File ‘visual_mu_synch.Rd’:
\keyword{recurrence,}
\keyword{synchronization,}
\keyword{unit,}
File ‘zscore_mu_synch.Rd’:
\keyword{recurrence,}
\keyword{synchronization,}
\keyword{unit,}
Flavors: r-devel-linux-x86_64-debian-clang, r-devel-linux-x86_64-debian-gcc