Last updated on 2025-05-06 03:51:08 CEST.
Flavor | Version | Tinstall | Tcheck | Ttotal | Status | Flags |
---|---|---|---|---|---|---|
r-devel-linux-x86_64-debian-clang | 1.0.6 | 6.98 | 58.57 | 65.55 | NOTE | |
r-devel-linux-x86_64-debian-gcc | 1.0.6 | 5.45 | 43.12 | 48.57 | NOTE | |
r-devel-linux-x86_64-fedora-clang | 1.0.6 | 98.98 | OK | |||
r-devel-linux-x86_64-fedora-gcc | 1.0.6 | 95.26 | OK | |||
r-devel-windows-x86_64 | 1.0.6 | 8.00 | 77.00 | 85.00 | OK | |
r-patched-linux-x86_64 | 1.0.6 | 6.91 | 56.12 | 63.03 | OK | |
r-release-linux-x86_64 | 1.0.6 | 5.86 | 55.86 | 61.72 | OK | |
r-release-macos-arm64 | 1.0.6 | 36.00 | OK | |||
r-release-macos-x86_64 | 1.0.6 | 53.00 | OK | |||
r-release-windows-x86_64 | 1.0.6 | 9.00 | 73.00 | 82.00 | OK | |
r-oldrel-macos-arm64 | 1.0.6 | 32.00 | OK | |||
r-oldrel-macos-x86_64 | 1.0.6 | 49.00 | OK | |||
r-oldrel-windows-x86_64 | 1.0.6 | 10.00 | 85.00 | 95.00 | OK |
Version: 1.0.6
Check: CRAN incoming feasibility
Result: NOTE
Maintainer: ‘Kevin Burke <kevin.burke@ul.ie>’
No Authors@R field in DESCRIPTION.
Please add one, modifying
Authors@R: person(given = "Kevin",
family = "Burke",
role = c("aut", "cre"),
email = "kevin.burke@ul.ie")
as necessary.
Flavors: r-devel-linux-x86_64-debian-clang, r-devel-linux-x86_64-debian-gcc