Last updated on 2025-05-03 21:51:24 CEST.
Flavor | Version | Tinstall | Tcheck | Ttotal | Status | Flags |
---|---|---|---|---|---|---|
r-devel-linux-x86_64-debian-clang | 1.0.1 | 17.31 | 31.43 | 48.74 | NOTE | |
r-devel-linux-x86_64-debian-gcc | 1.0.1 | 12.97 | 26.37 | 39.34 | NOTE | |
r-devel-linux-x86_64-fedora-clang | 1.0.1 | 87.34 | NOTE | |||
r-devel-linux-x86_64-fedora-gcc | 1.0.1 | 103.57 | NOTE | |||
r-devel-windows-x86_64 | 1.0.1 | 24.00 | 72.00 | 96.00 | NOTE | |
r-patched-linux-x86_64 | 1.0.1 | 17.27 | 31.24 | 48.51 | NOTE | |
r-release-linux-x86_64 | NOTE | |||||
r-release-macos-arm64 | 1.0.1 | 41.00 | NOTE | |||
r-release-macos-x86_64 | 1.0.1 | 71.00 | NOTE | |||
r-release-windows-x86_64 | 1.0.1 | 24.00 | 74.00 | 98.00 | NOTE | |
r-oldrel-macos-arm64 | 1.0.1 | 26.00 | NOTE | |||
r-oldrel-macos-x86_64 | 1.0.1 | 40.00 | NOTE | |||
r-oldrel-windows-x86_64 | 1.0.1 | 22.00 | 85.00 | 107.00 | NOTE |
Version: 1.0.1
Check: CRAN incoming feasibility
Result: NOTE
Maintainer: ‘Cristoforo Simonetto <Cristoforo.Simonetto@helmholtz-muenchen.de>’
No Authors@R field in DESCRIPTION.
Please add one, modifying
Authors@R: c(person(given = "Cristoforo",
family = "Simonetto",
role = c("aut", "cre"),
email = "cristoforo.simonetto@helmholtz-muenchen.de"),
person(given = c("Jan", "Christian"),
family = "Kaiser",
role = "ctb"))
as necessary.
Flavors: r-devel-linux-x86_64-debian-clang, r-devel-linux-x86_64-debian-gcc
Version: 1.0.1
Check: C++ specification
Result: NOTE
Specified C++11: please drop specification unless essential
Flavors: r-devel-linux-x86_64-debian-clang, r-devel-linux-x86_64-debian-gcc, r-devel-linux-x86_64-fedora-clang, r-devel-linux-x86_64-fedora-gcc, r-devel-windows-x86_64, r-patched-linux-x86_64, r-release-linux-x86_64, r-release-macos-arm64, r-release-macos-x86_64, r-release-windows-x86_64, r-oldrel-macos-arm64, r-oldrel-macos-x86_64, r-oldrel-windows-x86_64