CRAN Package Check Results for Package mudfold

Last updated on 2025-05-03 12:54:47 CEST.

Flavor Version Tinstall Tcheck Ttotal Status Flags
r-devel-linux-x86_64-debian-clang 1.1.21 16.13 112.87 129.00 NOTE
r-devel-linux-x86_64-debian-gcc 1.1.21 11.67 77.58 89.25 NOTE
r-devel-linux-x86_64-fedora-clang 1.1.21 191.81 NOTE
r-devel-linux-x86_64-fedora-gcc 1.1.21 191.81 NOTE
r-devel-windows-x86_64 1.1.21 17.00 109.00 126.00 NOTE
r-patched-linux-x86_64 1.1.21 16.02 105.07 121.09 NOTE
r-release-linux-x86_64 NOTE
r-release-macos-arm64 1.1.21 45.00 NOTE
r-release-macos-x86_64 1.1.21 107.00 NOTE
r-release-windows-x86_64 1.1.21 16.00 109.00 125.00 NOTE
r-oldrel-macos-arm64 1.1.21 51.00 NOTE
r-oldrel-macos-x86_64 1.1.21 72.00 NOTE
r-oldrel-windows-x86_64 1.1.21 24.00 147.00 171.00 NOTE

Check Details

Version: 1.1.21
Check: Rd files
Result: NOTE checkRd: (-1) coef.mdf.Rd:17: Lost braces; missing escapes or markup? 17 | \item{type}{: Argument that controls the type of parameters to be returned. If \code{type="persons"} (default), a vector with the person parameters is returned. When \code{type="items"} then a vector with the item ranks obtained by the MUDFOLD item selection algorithm is returned. If {type="all"} then a list with both person and item coefficients is returned to the user. | ^ Flavors: r-devel-linux-x86_64-debian-clang, r-devel-linux-x86_64-debian-gcc, r-devel-linux-x86_64-fedora-clang, r-devel-linux-x86_64-fedora-gcc, r-devel-windows-x86_64, r-patched-linux-x86_64, r-release-linux-x86_64, r-release-macos-arm64, r-release-macos-x86_64, r-release-windows-x86_64, r-oldrel-macos-arm64, r-oldrel-macos-x86_64, r-oldrel-windows-x86_64