Last updated on 2025-05-03 12:54:47 CEST.
Flavor | Version | Tinstall | Tcheck | Ttotal | Status | Flags |
---|---|---|---|---|---|---|
r-devel-linux-x86_64-debian-clang | 1.2.2 | 12.44 | 121.55 | 133.99 | NOTE | |
r-devel-linux-x86_64-debian-gcc | 1.2.2 | 10.01 | 86.48 | 96.49 | NOTE | |
r-devel-linux-x86_64-fedora-clang | 1.2.2 | 222.58 | NOTE | |||
r-devel-linux-x86_64-fedora-gcc | 1.2.2 | 205.02 | NOTE | |||
r-devel-windows-x86_64 | 1.2.2 | 16.00 | 120.00 | 136.00 | NOTE | |
r-patched-linux-x86_64 | 1.2.2 | 14.73 | 116.30 | 131.03 | NOTE | |
r-release-linux-x86_64 | NOTE | |||||
r-release-macos-arm64 | 1.2.2 | 76.00 | NOTE | |||
r-release-macos-x86_64 | 1.2.2 | 128.00 | NOTE | |||
r-release-windows-x86_64 | 1.2.2 | 14.00 | 121.00 | 135.00 | NOTE | |
r-oldrel-macos-arm64 | 1.2.2 | 87.00 | NOTE | |||
r-oldrel-macos-x86_64 | 1.2.2 | 89.00 | NOTE | |||
r-oldrel-windows-x86_64 | 1.2.2 | 18.00 | 155.00 | 173.00 | NOTE |
Version: 1.2.2
Check: CRAN incoming feasibility
Result: NOTE
Maintainer: ‘Samuel V. Scarpino <scarpino@utexas.edu>’
No Authors@R field in DESCRIPTION.
Please add one, modifying
Authors@R: person(given = c("Samuel", "V."),
family = "Scarpino",
role = c("aut", "cre"),
email = "scarpino@utexas.edu")
as necessary.
Package CITATION file contains call(s) to old-style personList() or
as.personList(). Please use c() on person objects instead.
Package CITATION file contains call(s) to old-style citEntry(). Please
use bibentry() instead.
Flavors: r-devel-linux-x86_64-debian-clang, r-devel-linux-x86_64-debian-gcc
Version: 1.2.2
Check: Rd files
Result: NOTE
checkRd: (-1) PPCA.Rd:35: Lost braces
35 | Returns an object of class 'pcaRes.' See documentation in the package code{\link[pcaMethods:pcaMethods]{ pcaMethods}}
| ^
Flavors: r-devel-linux-x86_64-debian-clang, r-devel-linux-x86_64-debian-gcc, r-devel-linux-x86_64-fedora-clang, r-devel-linux-x86_64-fedora-gcc, r-devel-windows-x86_64, r-patched-linux-x86_64, r-release-linux-x86_64, r-release-macos-arm64, r-release-macos-x86_64, r-release-windows-x86_64, r-oldrel-macos-arm64, r-oldrel-macos-x86_64, r-oldrel-windows-x86_64
Version: 1.2.2
Check: Rd cross-references
Result: NOTE
Found the following Rd file(s) with Rd \link{} targets missing package
anchors:
Loadings.Rd: pca, lda
PPCA.Rd: pca
completeData.Rd: pca
ldaPlot.Rd: lda
Please provide package anchors for all Rd \link{} targets not in the
package itself and the base packages.
Flavors: r-devel-linux-x86_64-debian-clang, r-devel-linux-x86_64-debian-gcc, r-devel-windows-x86_64, r-patched-linux-x86_64, r-release-linux-x86_64, r-release-windows-x86_64