Last updated on 2025-07-22 21:51:07 CEST.
Flavor | Version | Tinstall | Tcheck | Ttotal | Status | Flags |
---|---|---|---|---|---|---|
r-devel-linux-x86_64-debian-clang | 0.1.0 | 8.24 | 74.96 | 83.20 | NOTE | |
r-devel-linux-x86_64-debian-gcc | 0.1.0 | 5.53 | 55.97 | 61.50 | NOTE | |
r-devel-linux-x86_64-fedora-clang | 0.1.0 | 135.28 | OK | |||
r-devel-linux-x86_64-fedora-gcc | 0.1.0 | 121.74 | OK | |||
r-devel-windows-x86_64 | 0.1.0 | 9.00 | 82.00 | 91.00 | OK | |
r-patched-linux-x86_64 | 0.1.0 | 8.83 | 72.13 | 80.96 | OK | |
r-release-linux-x86_64 | 0.1.0 | 8.35 | 70.34 | 78.69 | OK | |
r-release-macos-arm64 | 0.1.0 | 40.00 | OK | |||
r-release-macos-x86_64 | 0.1.0 | 89.00 | OK | |||
r-release-windows-x86_64 | 0.1.0 | 10.00 | 85.00 | 95.00 | OK | |
r-oldrel-macos-arm64 | 0.1.0 | 49.00 | OK | |||
r-oldrel-macos-x86_64 | 0.1.0 | 64.00 | OK | |||
r-oldrel-windows-x86_64 | 0.1.0 | 13.00 | 108.00 | 121.00 | OK |
Version: 0.1.0
Check: CRAN incoming feasibility
Result: NOTE
Maintainer: ‘Lukasz Smaga <ls@amu.edu.pl>’
The Description field contains
data (Munko et al., 2023, <arXiv:2306.15259>). These procedures enable
Please refer to arXiv e-prints via their arXiv DOI <doi:10.48550/arXiv.YYMM.NNNNN>.
Flavors: r-devel-linux-x86_64-debian-clang, r-devel-linux-x86_64-debian-gcc