Last updated on 2025-05-03 21:51:24 CEST.
Flavor | Version | Tinstall | Tcheck | Ttotal | Status | Flags |
---|---|---|---|---|---|---|
r-devel-linux-x86_64-debian-clang | 1.0.0 | 26.05 | 300.08 | 326.13 | OK | |
r-devel-linux-x86_64-debian-gcc | 1.0.0 | 15.33 | 192.55 | 207.88 | OK | |
r-devel-linux-x86_64-fedora-clang | 1.0.0 | 576.00 | OK | |||
r-devel-linux-x86_64-fedora-gcc | 1.0.0 | 546.01 | OK | |||
r-devel-windows-x86_64 | 1.0.0 | 25.00 | 264.00 | 289.00 | OK | |
r-patched-linux-x86_64 | 1.0.0 | 26.28 | 291.87 | 318.15 | OK | |
r-release-linux-x86_64 | OK | |||||
r-release-macos-arm64 | 1.0.0 | 145.00 | OK | |||
r-release-macos-x86_64 | 1.0.0 | 282.00 | OK | |||
r-release-windows-x86_64 | 1.0.0 | 25.00 | 258.00 | 283.00 | OK | |
r-oldrel-macos-arm64 | 1.0.0 | 122.00 | OK | |||
r-oldrel-macos-x86_64 | 1.0.0 | 284.00 | OK | |||
r-oldrel-windows-x86_64 | 1.0.0 | 38.00 | 362.00 | 400.00 | ERROR |
Version: 1.0.0
Check: re-building of vignette outputs
Result: ERROR
Error(s) in re-building vignettes:
--- re-building 'Introduction.Rmd' using rmarkdown
File ./man/figures/plot_peje.png not found in resource path
Error: processing vignette 'Introduction.Rmd' failed with diagnostics:
pandoc document conversion failed with error 99
--- failed re-building 'Introduction.Rmd'
SUMMARY: processing the following file failed:
'Introduction.Rmd'
Error: Vignette re-building failed.
Execution halted
Flavor: r-oldrel-windows-x86_64