Last updated on 2024-06-16 11:58:01 CEST.
Flavor | Version | Tinstall | Tcheck | Ttotal | Status | Flags |
---|---|---|---|---|---|---|
r-devel-linux-x86_64-debian-clang | 0.2.1 | 6.06 | 70.08 | 76.14 | NOTE | |
r-devel-linux-x86_64-debian-gcc | 0.2.1 | 6.04 | 49.65 | 55.69 | NOTE | |
r-devel-linux-x86_64-fedora-clang | 0.2.1 | 97.05 | NOTE | |||
r-devel-linux-x86_64-fedora-gcc | 0.2.1 | 90.90 | NOTE | |||
r-devel-windows-x86_64 | 0.2.1 | 7.00 | 69.00 | 76.00 | NOTE | |
r-patched-linux-x86_64 | 0.2.1 | 12.28 | 66.72 | 79.00 | NOTE | |
r-release-linux-x86_64 | 0.2.1 | 6.25 | 66.27 | 72.52 | NOTE | |
r-release-macos-arm64 | 0.2.1 | 27.00 | NOTE | |||
r-release-macos-x86_64 | 0.2.1 | 43.00 | NOTE | |||
r-release-windows-x86_64 | 0.2.1 | 7.00 | 70.00 | 77.00 | NOTE | |
r-oldrel-macos-arm64 | 0.2.1 | 31.00 | NOTE | |||
r-oldrel-macos-x86_64 | 0.2.1 | 44.00 | NOTE | |||
r-oldrel-windows-x86_64 | 0.2.1 | 8.00 | 79.00 | 87.00 | NOTE |
Version: 0.2.1
Check: package dependencies
Result: NOTE
Package suggested but not available for checking: ‘spatialClust’
Flavors: r-devel-linux-x86_64-debian-clang, r-devel-linux-x86_64-debian-gcc, r-devel-linux-x86_64-fedora-clang, r-devel-linux-x86_64-fedora-gcc, r-devel-windows-x86_64, r-patched-linux-x86_64, r-release-linux-x86_64, r-release-macos-arm64, r-release-macos-x86_64, r-release-windows-x86_64, r-oldrel-macos-arm64, r-oldrel-macos-x86_64, r-oldrel-windows-x86_64
Version: 0.2.1
Check: dependencies in R code
Result: NOTE
Namespace in Imports field not imported from: ‘Rdpack’
All declared Imports should be used.
Flavors: r-devel-linux-x86_64-fedora-clang, r-devel-linux-x86_64-fedora-gcc