CRAN Package Check Results for Package nat.templatebrains

Last updated on 2025-05-03 21:51:25 CEST.

Flavor Version Tinstall Tcheck Ttotal Status Flags
r-devel-linux-x86_64-debian-clang 1.1 5.94 59.41 65.35 NOTE
r-devel-linux-x86_64-debian-gcc 1.1 5.08 45.22 50.30 NOTE
r-devel-linux-x86_64-fedora-clang 1.1 109.39 OK
r-devel-linux-x86_64-fedora-gcc 1.1 105.58 OK
r-devel-windows-x86_64 1.1 8.00 83.00 91.00 NOTE
r-patched-linux-x86_64 1.1 6.73 55.97 62.70 NOTE
r-release-linux-x86_64 NOTE
r-release-macos-arm64 1.1 36.00 OK
r-release-macos-x86_64 1.1 60.00 OK
r-release-windows-x86_64 1.1 7.00 83.00 90.00 NOTE
r-oldrel-macos-arm64 1.1 36.00 OK
r-oldrel-macos-x86_64 1.1 55.00 OK
r-oldrel-windows-x86_64 1.1 12.00 96.00 108.00 OK

Check Details

Version: 1.1
Check: Rd cross-references
Result: NOTE Found the following Rd file(s) with Rd \link{} targets missing package anchors: fit_xform.Rd: xform, xyzmatrix, computeTransform fit_xform_brain.Rd: computeTransform guess_templatebrain.Rd: im3d local_reg_dir_for_url.Rd: user_data_dir xform_brain.Rd: cmtk.reformatx, xform, xformpoints, xformimage Please provide package anchors for all Rd \link{} targets not in the package itself and the base packages. Flavors: r-devel-linux-x86_64-debian-clang, r-devel-linux-x86_64-debian-gcc, r-devel-windows-x86_64, r-patched-linux-x86_64, r-release-linux-x86_64, r-release-windows-x86_64