Last updated on 2025-07-22 12:49:39 CEST.
Flavor | Version | Tinstall | Tcheck | Ttotal | Status | Flags |
---|---|---|---|---|---|---|
r-devel-linux-x86_64-debian-clang | 0.9.0 | 11.12 | 124.50 | 135.62 | NOTE | |
r-devel-linux-x86_64-debian-gcc | 0.9.0 | 8.09 | 96.81 | 104.90 | NOTE | |
r-devel-linux-x86_64-fedora-clang | 0.9.0 | 215.01 | OK | |||
r-devel-linux-x86_64-fedora-gcc | 0.9.0 | 234.55 | OK | |||
r-devel-windows-x86_64 | 0.9.0 | 14.00 | 134.00 | 148.00 | OK | |
r-patched-linux-x86_64 | 0.9.0 | 10.71 | 131.33 | 142.04 | OK | |
r-release-linux-x86_64 | 0.9.0 | 10.30 | 132.97 | 143.27 | OK | |
r-release-macos-arm64 | 0.9.0 | 87.00 | OK | |||
r-release-macos-x86_64 | 0.9.0 | 158.00 | OK | |||
r-release-windows-x86_64 | 0.9.0 | 14.00 | 141.00 | 155.00 | OK | |
r-oldrel-macos-arm64 | 0.9.0 | 79.00 | NOTE | |||
r-oldrel-macos-x86_64 | 0.9.0 | 114.00 | NOTE | |||
r-oldrel-windows-x86_64 | 0.9.0 | 18.00 | 181.00 | 199.00 | NOTE |
Version: 0.9.0
Check: CRAN incoming feasibility
Result: NOTE
Maintainer: ‘Guo Yu <gy63@cornell.edu>’
The Description field contains
high-dimensional linear models of Yu, Bien (2017) <arXiv:1712.02412>.
Please refer to arXiv e-prints via their arXiv DOI <doi:10.48550/arXiv.YYMM.NNNNN>.
Flavors: r-devel-linux-x86_64-debian-clang, r-devel-linux-x86_64-debian-gcc
Version: 0.9.0
Check: LazyData
Result: NOTE
'LazyData' is specified without a 'data' directory
Flavors: r-oldrel-macos-arm64, r-oldrel-macos-x86_64, r-oldrel-windows-x86_64