Last updated on 2025-05-07 06:49:56 CEST.
Flavor | Version | Tinstall | Tcheck | Ttotal | Status | Flags |
---|---|---|---|---|---|---|
r-devel-linux-x86_64-debian-clang | 2013.03.29.1 | 2.01 | 45.62 | 47.63 | NOTE | |
r-devel-linux-x86_64-debian-gcc | 2013.03.29.1 | 1.80 | 36.76 | 38.56 | NOTE | |
r-devel-linux-x86_64-fedora-clang | 2013.03.29.1 | 62.80 | OK | |||
r-devel-linux-x86_64-fedora-gcc | 2013.03.29.1 | 61.29 | OK | |||
r-devel-windows-x86_64 | 2013.03.29.1 | 3.00 | 55.00 | 58.00 | OK | |
r-patched-linux-x86_64 | 2013.03.29.1 | 2.21 | 44.85 | 47.06 | OK | |
r-release-linux-x86_64 | 2013.03.29.1 | 2.17 | 44.94 | 47.11 | OK | |
r-release-macos-arm64 | 2013.03.29.1 | 27.00 | OK | |||
r-release-macos-x86_64 | 2013.03.29.1 | 46.00 | OK | |||
r-release-windows-x86_64 | 2013.03.29.1 | 4.00 | 58.00 | 62.00 | OK | |
r-oldrel-macos-arm64 | 2013.03.29.1 | 31.00 | NOTE | |||
r-oldrel-macos-x86_64 | 2013.03.29.1 | 37.00 | NOTE | |||
r-oldrel-windows-x86_64 | 2013.03.29.1 | 3.00 | 56.00 | 59.00 | NOTE |
Version: 2013.03.29.1
Check: CRAN incoming feasibility
Result: NOTE
Maintainer: ‘Jon Eastman <jonathan.eastman@gmail.com>’
No Authors@R field in DESCRIPTION.
Please add one, modifying
Authors@R: person(given = "Jon",
family = "Eastman",
role = c("aut", "cre"),
email = "jonathan.eastman@gmail.com")
as necessary.
Flavors: r-devel-linux-x86_64-debian-clang, r-devel-linux-x86_64-debian-gcc
Version: 2013.03.29.1
Check: installed package size
Result: NOTE
installed size is 9.5Mb
sub-directories of 1Mb or more:
data 9.4Mb
Flavors: r-oldrel-macos-arm64, r-oldrel-macos-x86_64, r-oldrel-windows-x86_64