Last updated on 2024-06-16 11:58:02 CEST.
Flavor | Version | Tinstall | Tcheck | Ttotal | Status | Flags |
---|---|---|---|---|---|---|
r-devel-linux-x86_64-debian-clang | 0.4-2 | 2.41 | 20.09 | 22.50 | OK | |
r-devel-linux-x86_64-debian-gcc | 0.4-2 | 1.59 | 15.86 | 17.45 | OK | |
r-devel-linux-x86_64-fedora-clang | 0.4-2 | 29.12 | NOTE | |||
r-devel-linux-x86_64-fedora-gcc | 0.4-2 | 27.50 | NOTE | |||
r-patched-linux-x86_64 | 0.4-2 | 2.35 | 19.87 | 22.22 | OK | |
r-release-linux-x86_64 | 0.4-2 | 2.27 | 19.67 | 21.94 | OK | |
r-release-macos-arm64 | 0.4-2 | 14.00 | OK | |||
r-release-macos-x86_64 | 0.4-2 | 20.00 | OK | |||
r-oldrel-macos-arm64 | 0.4-2 | 20.00 | OK | |||
r-oldrel-macos-x86_64 | 0.4-2 | 34.00 | OK |
Version: 0.4-2
Check: compiled code
Result: NOTE
File ‘nice/libs/nice.so’:
Found no calls to: ‘R_registerRoutines’, ‘R_useDynamicSymbols’
It is good practice to register native routines and to disable symbol
search.
See ‘Writing portable packages’ in the ‘Writing R Extensions’ manual.
Flavors: r-devel-linux-x86_64-fedora-clang, r-devel-linux-x86_64-fedora-gcc