CRAN Package Check Results for Package nichetools

Last updated on 2025-05-03 12:54:48 CEST.

Flavor Version Tinstall Tcheck Ttotal Status Flags
r-devel-linux-x86_64-debian-clang 0.3.2 7.36 437.52 444.88 NOTE
r-devel-linux-x86_64-debian-gcc 0.3.2 5.07 244.33 249.40 NOTE
r-devel-linux-x86_64-fedora-clang 0.3.2 774.60 NOTE
r-devel-linux-x86_64-fedora-gcc 0.3.2 737.88 NOTE
r-devel-windows-x86_64 0.3.2 10.00 381.00 391.00 NOTE
r-patched-linux-x86_64 0.3.2 6.22 401.06 407.28 NOTE
r-release-linux-x86_64 NOTE
r-release-macos-arm64 0.3.2 154.00 NOTE
r-release-macos-x86_64 0.3.2 531.00 NOTE
r-release-windows-x86_64 0.3.2 10.00 375.00 385.00 NOTE
r-oldrel-macos-arm64 0.3.2 126.00 OK
r-oldrel-macos-x86_64 0.3.2 217.00 OK
r-oldrel-windows-x86_64 0.3.2 12.00 546.00 558.00 OK

Check Details

Version: 0.3.2
Check: DESCRIPTION meta-information
Result: NOTE Missing dependency on R >= 4.1.0 because package code uses the pipe |> or function shorthand \(...) syntax added in R 4.1.0. File(s) using such syntax: ‘create_comparison.R’ ‘create_comparisons.Rd’ ‘extract_group_metrics.R’ ‘extract_group_metrics.Rd’ ‘extract_layman.R’ ‘extract_layman.Rd’ ‘extract_mu.R’ ‘extract_mu.Rd’ ‘extract_niche_size.R’ ‘extract_overlap.R’ ‘extract_sigma.R’ ‘extract_similarities.R’ ‘extract_similarities.Rd’ ‘niche_ellipse.R’ Flavors: r-devel-linux-x86_64-debian-clang, r-devel-linux-x86_64-debian-gcc, r-devel-linux-x86_64-fedora-clang, r-devel-linux-x86_64-fedora-gcc, r-devel-windows-x86_64, r-patched-linux-x86_64, r-release-linux-x86_64, r-release-macos-arm64, r-release-windows-x86_64

Version: 0.3.2
Check: DESCRIPTION meta-information
Result: NOTE Missing dependency on R >= 4.1.0 because package code uses the pipe |> or function shorthand \(...) syntax added in R 4.1.0. File(s) using such syntax: ‘create_comparison.R’ ‘extract_group_metrics.R’ ‘extract_layman.R’ ‘extract_mu.R’ ‘extract_niche_size.R’ ‘extract_overlap.R’ ‘extract_sigma.R’ ‘extract_similarities.R’ ‘niche_ellipse.R’ Flavor: r-release-macos-x86_64