Last updated on 2025-05-03 21:51:25 CEST.
Flavor | Version | Tinstall | Tcheck | Ttotal | Status | Flags |
---|---|---|---|---|---|---|
r-devel-linux-x86_64-debian-clang | 0.2.5 | 15.80 | 137.37 | 153.17 | NOTE | |
r-devel-linux-x86_64-debian-gcc | 0.2.5 | 11.29 | 106.87 | 118.16 | NOTE | |
r-devel-linux-x86_64-fedora-clang | 0.2.5 | 247.80 | NOTE | |||
r-devel-linux-x86_64-fedora-gcc | 0.2.5 | 268.05 | NOTE | |||
r-devel-windows-x86_64 | 0.2.5 | 18.00 | 154.00 | 172.00 | NOTE | |
r-patched-linux-x86_64 | 0.2.5 | 16.32 | 132.39 | 148.71 | NOTE | |
r-release-linux-x86_64 | NOTE | |||||
r-release-macos-arm64 | 0.2.5 | 129.00 | NOTE | |||
r-release-macos-x86_64 | 0.2.5 | 138.00 | NOTE | |||
r-release-windows-x86_64 | 0.2.5 | 17.00 | 138.00 | 155.00 | NOTE | |
r-oldrel-macos-arm64 | 0.2.5 | 72.00 | NOTE | |||
r-oldrel-macos-x86_64 | 0.2.5 | 105.00 | NOTE | |||
r-oldrel-windows-x86_64 | 0.2.5 | 23.00 | 179.00 | 202.00 | NOTE |
Version: 0.2.5
Check: Rd files
Result: NOTE
checkRd: (-1) postPredSPD.Rd:53: Lost braces in \itemize; \value handles \item{}{} directly
checkRd: (-1) postPredSPD.Rd:54: Lost braces in \itemize; \value handles \item{}{} directly
Flavors: r-devel-linux-x86_64-debian-clang, r-devel-linux-x86_64-debian-gcc, r-devel-linux-x86_64-fedora-clang, r-devel-linux-x86_64-fedora-gcc, r-devel-windows-x86_64, r-patched-linux-x86_64, r-release-linux-x86_64, r-release-macos-arm64, r-release-macos-x86_64, r-release-windows-x86_64, r-oldrel-macos-arm64, r-oldrel-macos-x86_64, r-oldrel-windows-x86_64
Version: 0.2.5
Check: Rd cross-references
Result: NOTE
Found the following Rd file(s) with Rd \link{} targets missing package
anchors:
compare.models.Rd: nimbleMCMC, runMCMC
Please provide package anchors for all Rd \link{} targets not in the
package itself and the base packages.
Flavors: r-devel-linux-x86_64-debian-clang, r-devel-linux-x86_64-debian-gcc, r-devel-windows-x86_64, r-patched-linux-x86_64, r-release-linux-x86_64, r-release-windows-x86_64