Last updated on 2025-07-25 12:50:11 CEST.
Flavor | Version | Tinstall | Tcheck | Ttotal | Status | Flags |
---|---|---|---|---|---|---|
r-devel-linux-x86_64-debian-clang | 0.3.0 | 8.44 | 467.87 | 476.31 | NOTE | |
r-devel-linux-x86_64-debian-gcc | 0.3.0 | 5.98 | 310.59 | 316.57 | NOTE | |
r-devel-linux-x86_64-fedora-clang | 0.3.0 | 770.92 | NOTE | |||
r-devel-linux-x86_64-fedora-gcc | 0.3.0 | 761.93 | NOTE | |||
r-devel-windows-x86_64 | 0.3.0 | 13.00 | 508.00 | 521.00 | NOTE | |
r-patched-linux-x86_64 | 0.3.0 | 9.18 | 432.02 | 441.20 | NOTE | |
r-release-linux-x86_64 | 0.3.0 | 8.70 | 430.56 | 439.26 | NOTE | |
r-release-macos-arm64 | 0.3.0 | 198.00 | NOTE | |||
r-release-macos-x86_64 | 0.3.0 | 590.00 | OK | |||
r-release-windows-x86_64 | 0.3.0 | 12.00 | 478.00 | 490.00 | NOTE | |
r-oldrel-macos-arm64 | 0.3.0 | 150.00 | OK | |||
r-oldrel-macos-x86_64 | 0.3.0 | 266.00 | OK | |||
r-oldrel-windows-x86_64 | 0.3.0 | 15.00 | 617.00 | 632.00 | OK |
Version: 0.3.0
Check: DESCRIPTION meta-information
Result: NOTE
Missing dependency on R >= 4.1.0 because package code uses the pipe
|> or function shorthand \(...) syntax added in R 4.1.0.
File(s) using such syntax:
‘addBaseline1exp.Rd’ ‘addBaselineConst.Rd’ ‘addBaselineExp.Rd’
‘addBaselineLin.Rd’ ‘addCmtProp.Rd’ ‘addDepot.Rd’ ‘addDirectLin.Rd’
‘addEffectCmtLin.Rd’ ‘addEta.Rd’ ‘addIndirect.Rd’ ‘addIndirectLin.Rd’
‘addLogEstimates.Rd’ ‘addResErr.Rd’ ‘addTransit.Rd’
‘addWeibullAbs.Rd’ ‘convertEmax.Rd’ ‘convertEmaxHill.Rd’
‘convertKinR0.Rd’ ‘convertLogLin.Rd’ ‘convertMM.Rd’ ‘convertQuad.Rd’
‘fakeCc.Rd’ ‘pkTrans.Rd’ ‘removeDepot.Rd’ ‘removeLinesAndInis.Rd’
‘removeTransit.Rd’
Flavors: r-devel-linux-x86_64-debian-clang, r-devel-linux-x86_64-debian-gcc, r-devel-linux-x86_64-fedora-clang, r-devel-linux-x86_64-fedora-gcc, r-devel-windows-x86_64, r-patched-linux-x86_64, r-release-linux-x86_64, r-release-macos-arm64, r-release-windows-x86_64