CRAN Package Check Results for Package nltm

Last updated on 2025-07-25 06:49:39 CEST.

Flavor Version Tinstall Tcheck Ttotal Status Flags
r-devel-linux-x86_64-debian-clang 1.4.5 15.04 55.67 70.71 NOTE
r-devel-linux-x86_64-debian-gcc 1.4.6 11.06 42.78 53.84 OK
r-devel-linux-x86_64-fedora-clang 1.4.6 117.90 OK
r-devel-linux-x86_64-fedora-gcc 1.4.6 111.85 OK
r-devel-windows-x86_64 1.4.6 22.00 81.00 103.00 OK
r-patched-linux-x86_64 1.4.5 15.53 52.79 68.32 OK
r-release-linux-x86_64 1.4.5 15.43 52.99 68.42 OK
r-release-macos-arm64 1.4.5 38.00 OK
r-release-macos-x86_64 1.4.6 77.00 OK
r-release-windows-x86_64 1.4.6 25.00 88.00 113.00 OK
r-oldrel-macos-arm64 1.4.5 35.00 OK
r-oldrel-macos-x86_64 1.4.6 66.00 OK
r-oldrel-windows-x86_64 1.4.6 26.00 102.00 128.00 OK

Check Details

Version: 1.4.5
Check: CRAN incoming feasibility
Result: NOTE Maintainer: ‘Mark Clements <mark.clements@ki.se>’ No Authors@R field in DESCRIPTION. Please add one, modifying Authors@R: c(person(given = "Gilda", family = "Garibotti", role = "aut"), person(given = "Alexander", family = "Tsodikov", role = "aut"), person(given = "Mark", family = "Clements", role = c("aut", "cre"), email = "mark.clements@ki.se")) as necessary. Flavor: r-devel-linux-x86_64-debian-clang