CRAN Package Check Results for Package nmaINLA

Last updated on 2025-07-25 12:50:11 CEST.

Flavor Version Tinstall Tcheck Ttotal Status Flags
r-devel-linux-x86_64-debian-clang 1.1.0 2.62 32.47 35.09 NOTE
r-devel-linux-x86_64-debian-gcc 1.1.0 1.85 26.72 28.57 NOTE
r-devel-linux-x86_64-fedora-clang 1.1.0 108.58 OK
r-devel-linux-x86_64-fedora-gcc 1.1.0 120.53 OK
r-devel-windows-x86_64 1.1.0 5.00 103.00 108.00 OK
r-patched-linux-x86_64 1.1.0 2.99 30.67 33.66 OK
r-release-linux-x86_64 1.1.0 2.48 30.66 33.14 OK
r-release-macos-arm64 1.1.0 37.00 OK
r-release-macos-x86_64 1.1.0 66.00 OK
r-release-windows-x86_64 1.1.0 4.00 82.00 86.00 OK
r-oldrel-macos-arm64 1.1.0 27.00 NOTE
r-oldrel-macos-x86_64 1.1.0 80.00 NOTE
r-oldrel-windows-x86_64 1.1.0 4.00 84.00 88.00 OK

Check Details

Version: 1.1.0
Check: CRAN incoming feasibility
Result: NOTE Maintainer: ‘Burak Kuersad Guenhan <burakgunhan@gmail.com>’ Package CITATION file contains call(s) to old-style personList() or as.personList(). Please use c() on person objects instead. Package CITATION file contains call(s) to old-style citEntry(). Please use bibentry() instead. Flavors: r-devel-linux-x86_64-debian-clang, r-devel-linux-x86_64-debian-gcc

Version: 1.1.0
Check: package dependencies
Result: NOTE Package suggested but not available for checking: ‘INLA’ Flavors: r-oldrel-macos-arm64, r-oldrel-macos-x86_64