Last updated on 2024-06-17 06:50:25 CEST.
Flavor | Version | Tinstall | Tcheck | Ttotal | Status | Flags |
---|---|---|---|---|---|---|
r-devel-linux-x86_64-debian-clang | 1.0.2 | 26.97 | 253.75 | 280.72 | NOTE | |
r-devel-linux-x86_64-debian-gcc | 1.0.2 | 23.19 | 183.59 | 206.78 | NOTE | |
r-devel-linux-x86_64-fedora-clang | 1.0.2 | 346.95 | NOTE | |||
r-devel-linux-x86_64-fedora-gcc | 1.0.2 | 330.90 | NOTE | |||
r-devel-windows-x86_64 | 1.0.2 | 24.00 | 205.00 | 229.00 | NOTE | |
r-patched-linux-x86_64 | 1.0.2 | 19.26 | 240.07 | 259.33 | NOTE | |
r-release-linux-x86_64 | 1.0.2 | 17.30 | 240.37 | 257.67 | NOTE | |
r-release-macos-arm64 | 1.0.2 | 87.00 | NOTE | |||
r-release-macos-x86_64 | 1.0.2 | 137.00 | NOTE | |||
r-release-windows-x86_64 | 1.0.2 | 22.00 | 205.00 | 227.00 | NOTE | |
r-oldrel-macos-arm64 | 1.0.2 | 98.00 | OK | |||
r-oldrel-macos-x86_64 | 1.0.2 | 180.00 | OK | |||
r-oldrel-windows-x86_64 | 1.0.2 | 29.00 | 255.00 | 284.00 | OK |
Version: 1.0.2
Check: Rd files
Result: NOTE
checkRd: (-1) imp_int_an.Rd:24: Lost braces in \itemize; meant \describe ?
checkRd: (-1) imp_int_an.Rd:25: Lost braces in \itemize; meant \describe ?
checkRd: (-1) plot.ndmodel.Rd:16: Lost braces in \itemize; meant \describe ?
checkRd: (-1) plot.ndmodel.Rd:17: Lost braces in \itemize; meant \describe ?
checkRd: (-1) plot.ndmodel.Rd:18: Lost braces in \itemize; meant \describe ?
Flavors: r-devel-linux-x86_64-debian-clang, r-devel-linux-x86_64-debian-gcc, r-devel-linux-x86_64-fedora-clang, r-devel-linux-x86_64-fedora-gcc, r-devel-windows-x86_64, r-patched-linux-x86_64, r-release-linux-x86_64, r-release-macos-arm64, r-release-macos-x86_64, r-release-windows-x86_64