Last updated on 2025-05-04 03:51:00 CEST.
Flavor | Version | Tinstall | Tcheck | Ttotal | Status | Flags |
---|---|---|---|---|---|---|
r-devel-linux-x86_64-debian-clang | 2.2 | 7.61 | 48.51 | 56.12 | NOTE | |
r-devel-linux-x86_64-debian-gcc | 2.2 | 4.83 | 34.04 | 38.87 | NOTE | |
r-devel-linux-x86_64-fedora-clang | 2.2 | 91.81 | OK | |||
r-devel-linux-x86_64-fedora-gcc | 2.2 | 88.05 | OK | |||
r-devel-windows-x86_64 | 2.2 | 8.00 | 80.00 | 88.00 | OK | |
r-patched-linux-x86_64 | 2.2 | 7.28 | 46.56 | 53.84 | OK | |
r-release-linux-x86_64 | OK | |||||
r-release-macos-arm64 | 2.2 | 31.00 | OK | |||
r-release-macos-x86_64 | 2.2 | 63.00 | OK | |||
r-release-windows-x86_64 | 2.2 | 7.00 | 67.00 | 74.00 | OK | |
r-oldrel-macos-arm64 | 2.2 | 24.00 | OK | |||
r-oldrel-macos-x86_64 | 2.2 | 39.00 | OK | |||
r-oldrel-windows-x86_64 | 2.2 | 10.00 | 77.00 | 87.00 | OK |
Version: 2.2
Check: CRAN incoming feasibility
Result: NOTE
Maintainer: ‘Frank Konietschke <frank.konietschke@charite.de>’
No Authors@R field in DESCRIPTION.
Please add one, modifying
Authors@R: c(person(given = "Kimihiro",
family = "Noguchi",
role = "aut",
email = "noguchk@wwu.edu"),
person(given = "Mahbub",
family = "Latif",
role = "aut",
email = "mlatif@isrt.ac.bd"),
person(given = "Karthinathan",
family = "Thangavelu",
role = "aut"),
person(given = "Frank",
family = "Konietschke",
role = c("aut", "cre"),
email = "frank.konietschke@charite.de"),
person(given = c("Yulia", "R."),
family = "Gel",
role = "aut",
email = "yxg142030@utdallas.edu"),
person(given = "Edgar",
family = "Brunner",
role = "aut",
email = "ebrunne1@gwdg.de"))
as necessary.
Package CITATION file contains call(s) to old-style personList() or
as.personList(). Please use c() on person objects instead.
Package CITATION file contains call(s) to old-style citEntry(). Please
use bibentry() instead.
Flavors: r-devel-linux-x86_64-debian-clang, r-devel-linux-x86_64-debian-gcc