Last updated on 2025-05-07 06:49:56 CEST.
Flavor | Version | Tinstall | Tcheck | Ttotal | Status | Flags |
---|---|---|---|---|---|---|
r-devel-linux-x86_64-debian-clang | 0.2.1 | 2.47 | 22.89 | 25.36 | NOTE | |
r-devel-linux-x86_64-debian-gcc | 0.2.1 | 2.07 | 18.07 | 20.14 | NOTE | |
r-devel-linux-x86_64-fedora-clang | 0.2.1 | 40.52 | OK | |||
r-devel-linux-x86_64-fedora-gcc | 0.2.1 | 38.31 | OK | |||
r-devel-windows-x86_64 | 0.2.1 | 3.00 | 44.00 | 47.00 | OK | |
r-patched-linux-x86_64 | 0.2.1 | 2.43 | 21.97 | 24.40 | OK | |
r-release-linux-x86_64 | 0.2.1 | 2.41 | 21.79 | 24.20 | OK | |
r-release-macos-arm64 | 0.2.1 | 19.00 | OK | |||
r-release-macos-x86_64 | 0.2.1 | 34.00 | OK | |||
r-release-windows-x86_64 | 0.2.1 | 3.00 | 45.00 | 48.00 | OK | |
r-oldrel-macos-arm64 | 0.2.1 | 16.00 | OK | |||
r-oldrel-macos-x86_64 | 0.2.1 | 23.00 | OK | |||
r-oldrel-windows-x86_64 | 0.2.1 | 3.00 | 50.00 | 53.00 | OK |
Version: 0.2.1
Check: CRAN incoming feasibility
Result: NOTE
Maintainer: ‘Maximilian Kiefel <physik210@hotmail.com>’
No Authors@R field in DESCRIPTION.
Please add one, modifying
Authors@R: c(person(given = "Maximilian",
family = "Kiefel",
role = c("aut", "cre"),
email = "physik210@hotmail.com"),
person(given = c("Arne", "C."),
family = "Bathke",
role = "aut"))
as necessary.
Flavors: r-devel-linux-x86_64-debian-clang, r-devel-linux-x86_64-debian-gcc